{"id":9560,"date":"2023-04-06T22:15:13","date_gmt":"2023-04-07T01:15:13","guid":{"rendered":"https:\/\/dges-sal.infd.edu.ar\/sitio\/?page_id=9560"},"modified":"2023-04-06T22:15:13","modified_gmt":"2023-04-07T01:15:13","slug":"manuales-nomescladores","status":"publish","type":"page","link":"https:\/\/dges-sal.infd.edu.ar\/sitio\/manuales-nomescladores\/","title":{"rendered":"Manuales-Nomescladores"},"content":{"rendered":"\n<div class=\"wp-duotone-unset-1 wp-block-cover alignfull is-light has-parallax has-small-font-size\" style=\"min-height:218px\"><span aria-hidden=\"true\" class=\"wp-block-cover__background has-background-dim-0 has-background-dim\"><\/span><div role=\"img\" class=\"wp-block-cover__image-background wp-image-8955 has-parallax\" style=\"background-position:50% 50%;background-image:url(https:\/\/dges-sal.infd.edu.ar\/sitio\/wp-content\/uploads\/2023\/03\/Recurso-24-2.png)\"><\/div><div class=\"wp-block-cover__inner-container\">\n<h1 class=\"has-text-align-center wp-block-heading has-contrast-color has-text-color has-small-font-size\" style=\"font-style:normal;font-weight:100\">         <img decoding=\"async\" loading=\"lazy\" width=\"565\" height=\"315\" class=\"wp-image-8971\" style=\"width: 300px;\" src=\"https:\/\/dges-sal.infd.edu.ar\/sitio\/wp-content\/uploads\/2023\/03\/Recurso-28.png\" alt=\"\"><\/h1>\n<\/div><\/div>\n\n\n\n<hr class=\"wp-block-separator aligncenter has-text-color has-contrast-2-color has-alpha-channel-opacity has-contrast-2-background-color has-background is-style-default\"\/>\n\n\n\n<h2 class=\"has-text-align-center wp-block-heading\"><img decoding=\"async\" loading=\"lazy\" width=\"370\" height=\"169\" class=\"wp-image-9543\" style=\"width: 300px;\" src=\"https:\/\/dges-sal.infd.edu.ar\/sitio\/wp-content\/uploads\/2023\/04\/Recurso-97.png\" alt=\"\"><\/h2>\n\n\n\n<h2 class=\"has-background has-medium-font-size wp-block-heading\" style=\"background-color:#ff5757;font-style:normal;font-weight:400\">Manuales y Nomencladores<\/h2>\n\n\n\n<figure class=\"wp-block-table is-style-stripes\"><table><tbody><tr><td class=\"has-text-align-left\" data-align=\"left\"><strong>Documento<\/strong><\/td><td><strong>Descripci\u00f3n<\/strong><\/td><td><strong>Bajar<\/strong><\/td><\/tr><tr><td class=\"has-text-align-left\" data-align=\"left\"><strong>Orientaciones para el Desarrollo del Campo de las Practicas<\/strong><\/td><td>Orientaciones para el Desarrollo del campo de la Pr\u00e1ctica Docente en el contexto de COVID 19.<\/td><td><a href=\"https:\/\/dges-sal.infd.edu.ar\/sitio\/wp-content\/uploads\/2020\/11\/DOCUMENTO-ORIENTACIONES-PARA-LAS-PRACTICAS-EN-TIEMPOS-DE-COVID-19-DGES.pdf\"><strong>AQU\u00cd<\/strong><\/a><\/td><\/tr><tr><td class=\"has-text-align-left\" data-align=\"left\"><strong>Manual de competencias de t\u00edtulos<\/strong><\/td><td>Manual de Competencia de T\u00edtulos de la Provincia de Salta<\/td><td><strong><a href=\"http:\/\/www.edusalta.gov.ar\/index.php\/docentes\/junta-calificadora-de-meritos-y-disciplina\/manual-de-competencia-de-titulos\">AQU\u00cd<\/a><\/strong><\/td><\/tr><tr><td class=\"has-text-align-left\" data-align=\"left\"><strong>Manual de Procedimientos&nbsp;<\/strong><\/td><td>Registro Federal de Instituciones y Ofertas de Formaci\u00f3n Docente \u2013 Sistema REFFOD \u2013 Referente Institucional<\/td><td><a href=\"https:\/\/dges-sal.infd.edu.ar\/sitio\/orientaciones-guia-manuales-y-nomencladores\/upload\/Sistema_REFFOD_-_Manual_de_Procedimientos_-_Referente_Institucional_-_Benja_1.pdf\"><strong>AQU\u00cd<\/strong><\/a><\/td><\/tr><tr><td class=\"has-text-align-left\" data-align=\"left\"><strong>Nomenclador de Carreras<\/strong><\/td><td>Nomenclador de Carreras de nivel Superior.<\/td><td><a href=\"https:\/\/dges-sal.infd.edu.ar\/sitio\/orientaciones-guia-manuales-y-nomencladores\/upload\/NOMENCLADOR_de_CARRERAS.doc\"><strong>AQU\u00cd<\/strong>\u00a0<\/a><\/td><\/tr><tr><td class=\"has-text-align-left\" data-align=\"left\"><strong>Circuitos de Superior&nbsp;<\/strong><\/td><td><em>Gu\u00eda de trabajo y consulta permanente en los tr\u00e1mites a seguir<\/em><\/td><td><a href=\"https:\/\/dges-sal.infd.edu.ar\/sitio\/orientaciones-guia-manuales-y-nomencladores\/upload\/circuitos_de_superior.doc\"><strong>AQU\u00cd<\/strong><\/a><\/td><\/tr><tr><td class=\"has-text-align-left\" data-align=\"left\"><strong>Curso Introductorio<\/strong><\/td><td><em>Orientaciones para el dise\u00f1o del curso introductorio-INFD 2017<\/em><\/td><td><a href=\"https:\/\/dges-sal.infd.edu.ar\/sitio\/orientaciones-guia-manuales-y-nomencladores\/upload\/Orientaciones_para_el_disen_o_del_curso_introductorio_INFD.pdf\"><strong>AQU\u00cd<\/strong><\/a><\/td><\/tr><tr><td class=\"has-text-align-left\" data-align=\"left\"><strong>Orientaci\u00f3n y Ambientaci\u00f3n<\/strong><\/td><td>Documento Orientador de Curso de Ambientaci\u00f3n y Orientaci\u00f3n DGES 2012<\/td><td><a href=\"https:\/\/dges-sal.infd.edu.ar\/sitio\/orientaciones-guia-manuales-y-nomencladores\/upload\/PERIODO_AMBIENTACION_INSTITUTOS_SUPERIORES_2012.pdf\"><strong>AQU\u00cd<\/strong><\/a><\/td><\/tr><\/tbody><\/table><\/figure>\n","protected":false},"excerpt":{"rendered":"<p>Manuales y Nomencladores Documento Descripci\u00f3n Bajar Orientaciones para el Desarrollo del Campo de las Practicas Orientaciones para el Desarrollo del campo de la Pr\u00e1ctica Docente en el contexto de COVID 19. AQU\u00cd Manual de competencias de t\u00edtulos Manual de Competencia de T\u00edtulos de la Provincia de Salta AQU\u00cd Manual de Procedimientos&nbsp; Registro Federal de Instituciones &#8230; <a title=\"Manuales-Nomescladores\" class=\"read-more\" href=\"https:\/\/dges-sal.infd.edu.ar\/sitio\/manuales-nomescladores\/\" aria-label=\"More on Manuales-Nomescladores\">[+]<\/a><\/p>\n","protected":false},"author":9605,"featured_media":0,"parent":0,"menu_order":0,"comment_status":"closed","ping_status":"closed","template":"","meta":[],"acf":[],"_links":{"self":[{"href":"https:\/\/dges-sal.infd.edu.ar\/sitio\/wp-json\/wp\/v2\/pages\/9560"}],"collection":[{"href":"https:\/\/dges-sal.infd.edu.ar\/sitio\/wp-json\/wp\/v2\/pages"}],"about":[{"href":"https:\/\/dges-sal.infd.edu.ar\/sitio\/wp-json\/wp\/v2\/types\/page"}],"author":[{"embeddable":true,"href":"https:\/\/dges-sal.infd.edu.ar\/sitio\/wp-json\/wp\/v2\/users\/9605"}],"replies":[{"embeddable":true,"href":"https:\/\/dges-sal.infd.edu.ar\/sitio\/wp-json\/wp\/v2\/comments?post=9560"}],"version-history":[{"count":1,"href":"https:\/\/dges-sal.infd.edu.ar\/sitio\/wp-json\/wp\/v2\/pages\/9560\/revisions"}],"predecessor-version":[{"id":9561,"href":"https:\/\/dges-sal.infd.edu.ar\/sitio\/wp-json\/wp\/v2\/pages\/9560\/revisions\/9561"}],"wp:attachment":[{"href":"https:\/\/dges-sal.infd.edu.ar\/sitio\/wp-json\/wp\/v2\/media?parent=9560"}],"curies":[{"name":"wp","href":"https:\/\/api.w.org\/{rel}","templated":true}]}}