{"id":9411,"date":"2023-03-28T20:46:16","date_gmt":"2023-03-28T23:46:16","guid":{"rendered":"https:\/\/dges-sal.infd.edu.ar\/sitio\/?page_id=9411"},"modified":"2025-06-23T12:23:04","modified_gmt":"2025-06-23T15:23:04","slug":"leyes-2","status":"publish","type":"page","link":"https:\/\/dges-sal.infd.edu.ar\/sitio\/leyes-2\/","title":{"rendered":"Leyes"},"content":{"rendered":"\n<div class=\"wp-duotone-unset-1 wp-block-cover alignfull is-light has-parallax has-small-font-size\" style=\"min-height:218px\"><span aria-hidden=\"true\" class=\"wp-block-cover__background has-background-dim-0 has-background-dim\"><\/span><div role=\"img\" class=\"wp-block-cover__image-background wp-image-8955 has-parallax\" style=\"background-position:50% 50%;background-image:url(https:\/\/dges-sal.infd.edu.ar\/sitio\/wp-content\/uploads\/2023\/03\/Recurso-24-2.png)\"><\/div><div class=\"wp-block-cover__inner-container\">\n<h1 class=\"wp-block-heading has-text-align-center has-contrast-color has-text-color has-small-font-size\" style=\"font-style:normal;font-weight:100\">         <img decoding=\"async\" loading=\"lazy\" width=\"565\" height=\"315\" class=\"wp-image-8971\" style=\"width: 300px;\" src=\"https:\/\/dges-sal.infd.edu.ar\/sitio\/wp-content\/uploads\/2023\/03\/Recurso-28.png\" alt=\"\"><\/h1>\n<\/div><\/div>\n\n\n\n<hr class=\"wp-block-separator aligncenter has-text-color has-contrast-2-color has-alpha-channel-opacity has-contrast-2-background-color has-background is-style-default\"\/>\n\n\n\n<h2 class=\"wp-block-heading has-text-align-center\"><img decoding=\"async\" loading=\"lazy\" width=\"370\" height=\"171\" class=\"wp-image-9328\" style=\"width: 300px;\" src=\"https:\/\/dges-sal.infd.edu.ar\/sitio\/wp-content\/uploads\/2023\/03\/Recurso-94.png\" alt=\"\"><\/h2>\n\n\n\n<h2 class=\"wp-block-heading has-background has-medium-font-size\" style=\"background-color:#ff5757;font-style:normal;font-weight:400\">Leyes<\/h2>\n\n\n\n<div style=\"height:45px\" aria-hidden=\"true\" class=\"wp-block-spacer\"><\/div>\n\n\n\n<figure class=\"wp-block-table is-style-stripes\"><table><tbody><tr><td><strong>Documento<\/strong><\/td><td class=\"has-text-align-left\" data-align=\"left\"><strong>Descripci\u00f3n<\/strong><\/td><td><strong>Bajar<\/strong><\/td><\/tr><tr><td><strong>Ley 26206<\/strong><\/td><td class=\"has-text-align-left\" data-align=\"left\">Ley de Educacion Nacional Vigente<\/td><td><a href=\"https:\/\/dges-sal.infd.edu.ar\/aula\/archivos\/repositorio\/\/1500\/1561\/ley_26206_ley_de_educacion_nacional_vigente.pdf\">AQU\u00cd<\/a><\/td><\/tr><tr><td><strong>Ley 26150<\/strong><\/td><td class=\"has-text-align-left\" data-align=\"left\">Ley de Educaci\u00f3n Sexual Integral<\/td><td><a href=\"https:\/\/dges-sal.infd.edu.ar\/aula\/archivos\/repositorio\/\/1500\/1562\/ley_26150_programa_de_educacion_sexual_integral.pdf\">AQU\u00cd<\/a><\/td><\/tr><tr><td><strong>Ley 27642<\/strong><\/td><td class=\"has-text-align-left\" data-align=\"left\">Ley de Promoci\u00f3n de la Alimentaci\u00f3n Saludable<\/td><td><a href=\"https:\/\/dges-sal.infd.edu.ar\/aula\/archivos\/repositorio\/\/1500\/1563\/ley_27642_de_promocion_de_alimentacion_saludable.pdf\">AQU\u00cd<\/a><\/td><\/tr><tr><td><strong>Ley 27621<\/strong><\/td><td class=\"has-text-align-left\" data-align=\"left\">Ley de Educaci\u00f3n Ambiental Integral<\/td><td><a href=\"https:\/\/dges-sal.infd.edu.ar\/aula\/administracion\/admin_repositorio.cgi?wAccion=modifica_data&amp;wPagina=&amp;wid_objeto=1564&amp;wid_cursoActual=612&amp;wBuscar=&amp;wFiltrar=\">A<\/a><a href=\"https:\/\/dges-sal.infd.edu.ar\/aula\/archivos\/repositorio\/\/1500\/1564\/Ley_27621educacion_ambiental_integral.pdf\">QU\u00cd<\/a><\/td><\/tr><tr><td><\/td><td class=\"has-text-align-left\" data-align=\"left\"><\/td><td><\/td><\/tr><tr><td><strong>Ley 7546<\/strong><\/td><td class=\"has-text-align-left\" data-align=\"left\">De Educaci\u00f3n de la Provincia<\/td><td><a href=\"https:\/\/dges-sal.infd.edu.ar\/sitio\/leyes\/upload\/7546.08_Ley_de_educacion_de_la_provincia.pdf\" target=\"_blank\" rel=\"noreferrer noopener\">AQUI<\/a><\/td><\/tr><tr><td><strong>Ley 7189<\/strong><\/td><td class=\"has-text-align-left\" data-align=\"left\">Junta Calificadora de Meritos y Disciplina (Modifica la Ley 6830)<\/td><td><a href=\"https:\/\/dges-sal.infd.edu.ar\/sitio\/leyes\/upload\/Ley_7189.02.pdf\" target=\"_blank\" rel=\"noreferrer noopener\">AQUI<\/a><\/td><\/tr><tr><td><strong>Ley 6896<\/strong><\/td><td class=\"has-text-align-left\" data-align=\"left\">Modifica la Ley 6830 \u2013 &nbsp;Asunto: Traslados docentes por razones de mejor servicio<\/td><td><a href=\"https:\/\/dges-sal.infd.edu.ar\/sitio\/leyes\/upload\/Ley_6896.96_1.pdf\" target=\"_blank\" rel=\"noreferrer noopener\">AQUI<\/a><\/td><\/tr><tr><td><strong>Ley 6830<\/strong><\/td><td class=\"has-text-align-left\" data-align=\"left\">Estatuto del Educador<\/td><td><a href=\"https:\/\/dges-sal.infd.edu.ar\/sitio\/leyes\/upload\/6830.95_Estatuto_del_educador.pdf\" target=\"_blank\" rel=\"noreferrer noopener\">AQUI<\/a><\/td><\/tr><tr><td><strong>Ley 5348&nbsp;<\/strong><\/td><td class=\"has-text-align-left\" data-align=\"left\">Ley de Procedimientos Administrativos para la Provincia de Salta.Ley N\u00ba 5.348\/78, con las modificaciones introducidas por la Ley N\u00ba 5552\/80.<\/td><td><a href=\"https:\/\/dges-sal.infd.edu.ar\/sitio\/leyes\/upload\/LEY_N_5348_DE_PROCEDIMIENTOS_ADMINISTRATIVOS_DE_SALTA.doc\" target=\"_blank\" rel=\"noreferrer noopener\">AQUI<\/a><\/td><\/tr><\/tbody><\/table><\/figure>\n","protected":false},"excerpt":{"rendered":"<p>Leyes Documento Descripci\u00f3n Bajar Ley 26206 Ley de Educacion Nacional Vigente AQU\u00cd Ley 26150 Ley de Educaci\u00f3n Sexual Integral AQU\u00cd Ley 27642 Ley de Promoci\u00f3n de la Alimentaci\u00f3n Saludable AQU\u00cd Ley 27621 Ley de Educaci\u00f3n Ambiental Integral AQU\u00cd Ley 7546 De Educaci\u00f3n de la Provincia AQUI Ley 7189 Junta Calificadora de Meritos y Disciplina (Modifica &#8230; <a title=\"Leyes\" class=\"read-more\" href=\"https:\/\/dges-sal.infd.edu.ar\/sitio\/leyes-2\/\" aria-label=\"More on Leyes\">[+]<\/a><\/p>\n","protected":false},"author":9605,"featured_media":0,"parent":0,"menu_order":0,"comment_status":"closed","ping_status":"closed","template":"","meta":[],"acf":[],"_links":{"self":[{"href":"https:\/\/dges-sal.infd.edu.ar\/sitio\/wp-json\/wp\/v2\/pages\/9411"}],"collection":[{"href":"https:\/\/dges-sal.infd.edu.ar\/sitio\/wp-json\/wp\/v2\/pages"}],"about":[{"href":"https:\/\/dges-sal.infd.edu.ar\/sitio\/wp-json\/wp\/v2\/types\/page"}],"author":[{"embeddable":true,"href":"https:\/\/dges-sal.infd.edu.ar\/sitio\/wp-json\/wp\/v2\/users\/9605"}],"replies":[{"embeddable":true,"href":"https:\/\/dges-sal.infd.edu.ar\/sitio\/wp-json\/wp\/v2\/comments?post=9411"}],"version-history":[{"count":9,"href":"https:\/\/dges-sal.infd.edu.ar\/sitio\/wp-json\/wp\/v2\/pages\/9411\/revisions"}],"predecessor-version":[{"id":16011,"href":"https:\/\/dges-sal.infd.edu.ar\/sitio\/wp-json\/wp\/v2\/pages\/9411\/revisions\/16011"}],"wp:attachment":[{"href":"https:\/\/dges-sal.infd.edu.ar\/sitio\/wp-json\/wp\/v2\/media?parent=9411"}],"curies":[{"name":"wp","href":"https:\/\/api.w.org\/{rel}","templated":true}]}}