{"id":4082,"date":"2019-01-13T17:15:11","date_gmt":"2019-01-13T20:15:11","guid":{"rendered":"https:\/\/dges-sal.infd.edu.ar\/sitio\/?page_id=4082"},"modified":"2023-03-20T00:04:25","modified_gmt":"2023-03-20T03:04:25","slug":"calendario-escolar-2019","status":"publish","type":"page","link":"https:\/\/dges-sal.infd.edu.ar\/sitio\/convocatorias\/calendario-escolar-2019\/","title":{"rendered":"Calendario Escolar\u00a0 2023"},"content":{"rendered":"\n<p class=\"has-text-align-center\"><\/p>\n\n\n\n<p><strong><a rel=\"noreferrer noopener\" href=\"https:\/\/saltaeducs.files.wordpress.com\/2023\/01\/resolucion-092-22-calendario-escolar-2023.pdf\" target=\"_blank\">Res. 092\/2022 SPEyDPD<\/a><\/strong>\u00a0\u2013 Aprueba el Calendario Escolar y sus normas de aplicaci\u00f3n, a regir durante el Per\u00edodo de Actividades<br>Educativas 2023, en el marco de la Resoluci\u00f3n del CFE N\u00b0 431\/22, en los establecimientos educativos dependientes del Ministerio de Educaci\u00f3n, Cultura, Ciencia y Tecnolog\u00eda y los siguientes Anexos que forman parte de la presente Resoluci\u00f3n <\/p>\n\n\n\n<p>CUADERNILLO: <a href=\"https:\/\/saltaeducs.files.wordpress.com\/2023\/03\/calendario_escolar_2023.pdf\">https:\/\/saltaeducs.files.wordpress.com\/2023\/03\/calendario_escolar_2023.pdf<\/a><\/p>\n\n\n\n<p><strong><a rel=\"noreferrer noopener\" href=\"https:\/\/saltaeducs.files.wordpress.com\/2023\/01\/res.-speydpd-092-22-anexo-i.pdf\" target=\"_blank\">Anexo I<\/a><\/strong>, Calendario Escolar 2023 \u2013 Normas de Aplicaci\u00f3n \u2013 Agenda Educativa 2023 Conmemoraciones<\/p>\n\n\n\n<p><strong><a rel=\"noreferrer noopener\" href=\"https:\/\/saltaeducs.files.wordpress.com\/2023\/01\/res.-speydpd-092-22-anexo-ii.pdf\" target=\"_blank\">Anexo II<\/a><\/strong>, Calendario Escolar 2023 \u2013 Nivel de Educaci\u00f3n Inicial y sus Modalidades.<\/p>\n\n\n\n<p><strong><a rel=\"noreferrer noopener\" href=\"https:\/\/saltaeducs.files.wordpress.com\/2023\/01\/res.-speydpd-092-22-anexo-iii.pdf\" target=\"_blank\">Anexo III<\/a><\/strong>, Calendario Escolar 2023 \u2013 Nivel de Educaci\u00f3n Primaria \u2013 Escuelas Comunes y de Educaci\u00f3n Especial.<\/p>\n\n\n\n<p><strong><a rel=\"noreferrer noopener\" href=\"https:\/\/saltaeducs.files.wordpress.com\/2023\/01\/res.-speydpd-092-22-anexo-iv.pdf\" target=\"_blank\">Anexo IV<\/a><\/strong>, Calendario Escolar 2023 \u2013 Nivel de Educaci\u00f3n Secundaria \u2013 (T\u00e9cnico Profesional \u2013 Centro de Educaci\u00f3n Integral)<\/p>\n\n\n\n<p><strong><a rel=\"noreferrer noopener\" href=\"https:\/\/saltaeducs.files.wordpress.com\/2023\/01\/res.-speydpd-092-22-anexo-v.pdf\" target=\"_blank\">Anexo V<\/a><\/strong>, Calendario Escolar 2023 \u2013 Trayectos Formativos \u2013 Formaci\u00f3n Profesional.<\/p>\n\n\n\n<p><strong><a rel=\"noreferrer noopener\" href=\"https:\/\/saltaeducs.files.wordpress.com\/2023\/01\/res.-speydpd-092-22-anexo-v-1.pdf\" target=\"_blank\">Anexo V-1<\/a><\/strong>, Calendario Escolar 2023 \u2013 Formaci\u00f3n Profesional -Educaci\u00f3n No Formal (Periodo Lectivo)<\/p>\n\n\n\n<p><strong><a rel=\"noreferrer noopener\" href=\"https:\/\/saltaeducs.files.wordpress.com\/2023\/01\/res.-speydpd-092-22-anexo-vi.pdf\" target=\"_blank\">Anexo VI<\/a><\/strong>, Modalidad de Educaci\u00f3n Permanente de J\u00f3venes y Adultos. Calendario Escolar 2023 \u2013 Nivel Primario \u2013 N\u00facleos<br>Educativos.<\/p>\n\n\n\n<p><strong><a rel=\"noreferrer noopener\" href=\"https:\/\/saltaeducs.files.wordpress.com\/2023\/01\/res.-speydpd-092-22-anexo-vi-1.pdf\" target=\"_blank\">Anexo VI-1<\/a><\/strong>, Calendario Escolar 2023 \u2013 Nivel de Educaci\u00f3n Secundaria (Centros BSPA \u2013 CENS \u2013Colegio Secundario para Adultos).<\/p>\n\n\n\n<p><strong><a rel=\"noreferrer noopener\" href=\"https:\/\/saltaeducs.files.wordpress.com\/2023\/01\/res.-speydpd-092-22-anexo-vii.pdf\" target=\"_blank\">Anexo VII<\/a><\/strong>; Educaci\u00f3n a Distancia. Calendario Escolar Periodo Lectivo 2023 \u2013 Nivel Secundario -Sistema Virtual de Formaci\u00f3n a<br>Distancia N\u00b0 9002<\/p>\n\n\n\n<p><strong><a rel=\"noreferrer noopener\" href=\"https:\/\/saltaeducs.files.wordpress.com\/2023\/01\/res.-speydpd-092-22-anexo-vii-1.pdf\" target=\"_blank\">Anexo VII-1<\/a><\/strong>, Educaci\u00f3n a Distancia. Calendario Escolar Periodo Lectivo 2023 \u2013 Nivel Superior (Profesorados y Tecnicaturas)<\/p>\n\n\n\n<p><strong><a rel=\"noreferrer noopener\" href=\"https:\/\/saltaeducs.files.wordpress.com\/2023\/01\/res.-speydpd-092-22-anexo-viii.pdf\" target=\"_blank\">Anexo VIII<\/a><\/strong>, Calendario Escolar 2023 \u2013 Nivel de Educaci\u00f3n Superior (Periodo Lectivo)<\/p>\n\n\n\n<p><strong><a rel=\"noreferrer noopener\" href=\"https:\/\/saltaeducs.files.wordpress.com\/2023\/01\/res.-speydpd-092-22-anexo-viii-1.pdf\" target=\"_blank\">Anexo VIII-1<\/a><\/strong>, Calendario Escolar 2023 \u2013 Nivel de Educaci\u00f3n Superior \u2013 Escuela de Cadetes del Servicio Penitenciario de la<br>Provincia de Salta N\u00b0 6044.<\/p>\n\n\n\n<p><strong><a rel=\"noreferrer noopener\" href=\"https:\/\/saltaeducs.files.wordpress.com\/2023\/01\/res.-speydpd-092-22-anexo-viii-2.pdf\" target=\"_blank\">Anexo VIII-2<\/a><\/strong>, Calendario Escolar 2023 \u2013 Nivel de Educaci\u00f3n Superior \u2013 ISEP N\u00b0 6045 \u201cGral. Martin Miguel de G\u00fcemes\u201d \u2013 Escuela de<br>Cadetes \u201cInsp. Gral. El\u00edas Boleas\u201d \u2013 Escuela de Sub Oficiales\u00a0\u201cCabo H\u00e9ctor Santos Le\u00f3n\u201d<\/p>\n\n\n\n<p><strong><a rel=\"noreferrer noopener\" href=\"https:\/\/saltaeducs.files.wordpress.com\/2023\/01\/res.-speydpd-092-22-anexo-ix.pdf\" target=\"_blank\">Anexo IX<\/a><\/strong>, Calendario Escolar 2023 \u2013 Actividades de Fomento de las Vocaciones Cient\u00edficas.<\/p>\n\n\n\n<p><strong><a rel=\"noreferrer noopener\" href=\"https:\/\/saltaeducs.files.wordpress.com\/2023\/01\/res.-speydpd-092-22-anexo-x.pdf\" target=\"_blank\">Anexo X<\/a><\/strong>, Plazos Perentorios de Presentaci\u00f3n de T\u00edtulos \u2013 Post\u00edtulos Docentes (Presenciales y a Distancia)<\/p>\n\n\n<div class=\"wp-block-image\">\n<figure class=\"aligncenter\"><a href=\"https:\/\/saltaeducs.files.wordpress.com\/2023\/03\/calendario_escolar_2023.pdf\" target=\"_blank\" rel=\"noreferrer noopener\"><img decoding=\"async\" src=\"https:\/\/saltaeducs.files.wordpress.com\/2023\/03\/calendario-2023.jpg?w=750\" alt=\"\" class=\"wp-image-2720\"\/><\/a><\/figure><\/div>","protected":false},"excerpt":{"rendered":"<p>Res. 092\/2022 SPEyDPD\u00a0\u2013 Aprueba el Calendario Escolar y sus normas de aplicaci\u00f3n, a regir durante el Per\u00edodo de ActividadesEducativas 2023, en el marco de la Resoluci\u00f3n del CFE N\u00b0 431\/22, en los establecimientos educativos dependientes del Ministerio de Educaci\u00f3n, Cultura, Ciencia y Tecnolog\u00eda y los siguientes Anexos que forman parte de la presente Resoluci\u00f3n CUADERNILLO: &#8230; <a title=\"Calendario Escolar\u00a0 2023\" class=\"read-more\" href=\"https:\/\/dges-sal.infd.edu.ar\/sitio\/convocatorias\/calendario-escolar-2019\/\" aria-label=\"More on Calendario Escolar\u00a0 2023\">[+]<\/a><\/p>\n","protected":false},"author":790,"featured_media":0,"parent":1471,"menu_order":0,"comment_status":"closed","ping_status":"closed","template":"","meta":[],"acf":[],"_links":{"self":[{"href":"https:\/\/dges-sal.infd.edu.ar\/sitio\/wp-json\/wp\/v2\/pages\/4082"}],"collection":[{"href":"https:\/\/dges-sal.infd.edu.ar\/sitio\/wp-json\/wp\/v2\/pages"}],"about":[{"href":"https:\/\/dges-sal.infd.edu.ar\/sitio\/wp-json\/wp\/v2\/types\/page"}],"author":[{"embeddable":true,"href":"https:\/\/dges-sal.infd.edu.ar\/sitio\/wp-json\/wp\/v2\/users\/790"}],"replies":[{"embeddable":true,"href":"https:\/\/dges-sal.infd.edu.ar\/sitio\/wp-json\/wp\/v2\/comments?post=4082"}],"version-history":[{"count":19,"href":"https:\/\/dges-sal.infd.edu.ar\/sitio\/wp-json\/wp\/v2\/pages\/4082\/revisions"}],"predecessor-version":[{"id":9004,"href":"https:\/\/dges-sal.infd.edu.ar\/sitio\/wp-json\/wp\/v2\/pages\/4082\/revisions\/9004"}],"up":[{"embeddable":true,"href":"https:\/\/dges-sal.infd.edu.ar\/sitio\/wp-json\/wp\/v2\/pages\/1471"}],"wp:attachment":[{"href":"https:\/\/dges-sal.infd.edu.ar\/sitio\/wp-json\/wp\/v2\/media?parent=4082"}],"curies":[{"name":"wp","href":"https:\/\/api.w.org\/{rel}","templated":true}]}}