{"id":16177,"date":"2025-09-29T09:45:22","date_gmt":"2025-09-29T12:45:22","guid":{"rendered":"https:\/\/dges-sal.infd.edu.ar\/sitio\/?page_id=16177"},"modified":"2025-11-12T10:51:41","modified_gmt":"2025-11-12T13:51:41","slug":"ies-6006-de-salta-capital-convocatoria-2025-para-acceso-al-cargo-de-coordinador-pedagogico","status":"publish","type":"page","link":"https:\/\/dges-sal.infd.edu.ar\/sitio\/ies-6006-de-salta-capital-convocatoria-2025-para-acceso-al-cargo-de-coordinador-pedagogico\/","title":{"rendered":"IES 6006 de Salta Capital Convocatoria 2025 para acceso al cargo de Coordinador Pedag\u00f3gico"},"content":{"rendered":"\n<p><strong>Convocatoria&nbsp;<a href=\"https:\/\/saltaeducs.com\/wp-content\/uploads\/2025\/09\/disp.-259-25-ies-6006-convocatoria-coordinador-pedagogico.pdf\">Disp. 259\/2025<\/a> cobertura de cargo de&nbsp;Coordinador Pedag\u00f3gico&nbsp;del Profesorado de Jard\u00edn de Infantes y Educaci\u00f3n Especial &nbsp;N\u00b0 6006 de Salta Capital<\/strong><\/p>\n\n\n\n<figure class=\"wp-block-table is-style-stripes\"><table><tbody><tr><td><strong>N\u00f3mina de aspirantes inscriptos.<\/strong> <strong>Fecha de publicaci\u00f3n<\/strong><\/td><td><strong>Nomina definitiva de aspirantes<\/strong> <strong>Fecha de publicaci\u00f3n<\/strong><\/td><td><strong>Disposici\u00f3n nuevo tribunal (si correspondiere)<\/strong><\/td><td><strong>Listado evaluaci\u00f3n de T\u00edtulos y Antecedentes<\/strong><\/td><td><strong>Dictamen evaluaci\u00f3n de la<\/strong> <strong>Propuesta<\/strong><\/td><td><strong>Fecha de Examen Escrito y Resultados<\/strong><\/td><td><strong>Fecha de Exposici\u00f3n y defensa oral de la propuesta de Gesti\u00f3n y Resultados<\/strong><\/td><td><strong>Disposiciones<\/strong>&nbsp; <strong>DGES<\/strong><\/td><\/tr><tr><td>1ra Convocatoria<br>Archivo:&nbsp;<br><strong><a href=\"https:\/\/dges-sal.infd.edu.ar\/sitio\/wp-content\/uploads\/2025\/09\/acta-cierre-de-inscripcion-6006-CP.pdf\">AQU\u00cd<\/a><\/strong><br>fecha de publicaci\u00f3n: 30\/09\/25<\/td><td>Archivo:&nbsp; <strong><a href=\"https:\/\/dges-sal.infd.edu.ar\/sitio\/wp-content\/uploads\/2025\/10\/Disp.-303-25-IES-6006-nomina-definitiva-aspirantes-Coordinador-Pedagogico-.pdf\" target=\"_blank\" rel=\"noreferrer noopener\">AQU\u00cd<\/a><\/strong><br>fecha de publicaci\u00f3n: 08\/10\/25<\/td><td>Archivo:&nbsp; <br><strong>AQU\u00cd<\/strong><\/td><td>Archivo:\u00a0 <br><strong><a href=\"https:\/\/dges-sal.infd.edu.ar\/sitio\/wp-content\/uploads\/2025\/11\/Listado-IES-6006-Coordinador-Pedagogico-.pdf\" target=\"_blank\" rel=\"noreferrer noopener\">AQU\u00cd<\/a><\/strong><\/td><td>Archivo:&nbsp; <strong>AQU\u00cd<\/strong><\/td><td>Archivo:&nbsp; <strong>AQU\u00cd<\/strong>&nbsp; Resultado: <strong>AQU\u00cd<\/strong><\/td><td>Archivo:&nbsp; <strong>AQU\u00cd<\/strong>&nbsp;&nbsp; Resultado: <strong>AQU\u00cd<\/strong><\/td><td>Archivo: <strong>AQU\u00cd<\/strong><\/td><\/tr><\/tbody><\/table><\/figure>\n","protected":false},"excerpt":{"rendered":"<p>Convocatoria&nbsp;Disp. 259\/2025 cobertura de cargo de&nbsp;Coordinador Pedag\u00f3gico&nbsp;del Profesorado de Jard\u00edn de Infantes y Educaci\u00f3n Especial &nbsp;N\u00b0 6006 de Salta Capital N\u00f3mina de aspirantes inscriptos. Fecha de publicaci\u00f3n Nomina definitiva de aspirantes Fecha de publicaci\u00f3n Disposici\u00f3n nuevo tribunal (si correspondiere) Listado evaluaci\u00f3n de T\u00edtulos y Antecedentes Dictamen evaluaci\u00f3n de la Propuesta Fecha de Examen Escrito y &#8230; <a title=\"IES 6006 de Salta Capital Convocatoria 2025 para acceso al cargo de Coordinador Pedag\u00f3gico\" class=\"read-more\" href=\"https:\/\/dges-sal.infd.edu.ar\/sitio\/ies-6006-de-salta-capital-convocatoria-2025-para-acceso-al-cargo-de-coordinador-pedagogico\/\" aria-label=\"More on IES 6006 de Salta Capital Convocatoria 2025 para acceso al cargo de Coordinador Pedag\u00f3gico\">[+]<\/a><\/p>\n","protected":false},"author":790,"featured_media":0,"parent":0,"menu_order":0,"comment_status":"closed","ping_status":"closed","template":"","meta":[],"acf":[],"_links":{"self":[{"href":"https:\/\/dges-sal.infd.edu.ar\/sitio\/wp-json\/wp\/v2\/pages\/16177"}],"collection":[{"href":"https:\/\/dges-sal.infd.edu.ar\/sitio\/wp-json\/wp\/v2\/pages"}],"about":[{"href":"https:\/\/dges-sal.infd.edu.ar\/sitio\/wp-json\/wp\/v2\/types\/page"}],"author":[{"embeddable":true,"href":"https:\/\/dges-sal.infd.edu.ar\/sitio\/wp-json\/wp\/v2\/users\/790"}],"replies":[{"embeddable":true,"href":"https:\/\/dges-sal.infd.edu.ar\/sitio\/wp-json\/wp\/v2\/comments?post=16177"}],"version-history":[{"count":5,"href":"https:\/\/dges-sal.infd.edu.ar\/sitio\/wp-json\/wp\/v2\/pages\/16177\/revisions"}],"predecessor-version":[{"id":16461,"href":"https:\/\/dges-sal.infd.edu.ar\/sitio\/wp-json\/wp\/v2\/pages\/16177\/revisions\/16461"}],"wp:attachment":[{"href":"https:\/\/dges-sal.infd.edu.ar\/sitio\/wp-json\/wp\/v2\/media?parent=16177"}],"curies":[{"name":"wp","href":"https:\/\/api.w.org\/{rel}","templated":true}]}}