{"id":1464,"date":"2018-07-06T13:33:18","date_gmt":"2018-07-06T16:33:18","guid":{"rendered":"https:\/\/dges-sal.infd.edu.ar\/sitio\/?page_id=1464"},"modified":"2018-07-06T21:35:42","modified_gmt":"2018-07-07T00:35:42","slug":"bases-y-condiciones-olimpiada-de-arte","status":"publish","type":"page","link":"https:\/\/dges-sal.infd.edu.ar\/sitio\/bases-y-condiciones-olimpiada-de-arte\/","title":{"rendered":"Bases y Condiciones Olimpiada de Arte"},"content":{"rendered":"<h2 style=\"text-align: center;\">OLIMP\u00cdADA DEPORTIVA Y ART\u00cdSTICA DE NIVEL SUPERIOR\u00a0 \u201cINTEGRACI\u00d3N 2012\u201d<\/h2>\n<p>La Direcci\u00f3n de Ense\u00f1anza Superior del Ministerio de Educaci\u00f3n, Ciencia y Tecnolog\u00eda, con el apoyo de Secretar\u00eda de Deportes de la Provincia, el Instituto Superior del Profesorado de Artes (ISPA) N\u00b0 6004, Escuela de Bellas Artes N\u00b0 6002 y la Escuela Superior de M\u00fasica de La Provincia N\u00b0 6003,\u00a0 organizan la Olimp\u00edada Deportiva, Art\u00edstica y Cultural de Nivel Superior \u201cINTEGRACI\u00d3N 2012\u201d\u00a0 destinada a promover valores deportivos, art\u00edsticos, culturales y sociales y a lograr la integraci\u00f3n de los distintos institutos que participan en ella.<\/p>\n<p><strong>1.<span style=\"color: #ff6600;\"> BASES Y CONDICIONES PARA LA OLIMPIADA DE ARTE<\/span><\/strong><\/p>\n<p><strong>1. Participantes<\/strong> Podr\u00e1n participar los alumnos de los Institutos de Educaci\u00f3n Superior dependientes de la Direcci\u00f3n de Ense\u00f1anza Superior y de la Direcci\u00f3n de Ense\u00f1anza Privada, inscriptos en el periodo lectivo 2012.<\/p>\n<p>Habr\u00e1 dos (2) categor\u00edas:<\/p>\n<p>a) Alumnos estudiantes de Arte.<\/p>\n<p>b) Alumnos de otras carreras de formaci\u00f3n superior.<\/p>\n<p>En ambos casos las presentaciones podr\u00e1n ser Individuales y grupales.<\/p>\n<p>&nbsp;<\/p>\n<p><strong>2. Inscripciones<\/strong><\/p>\n<p>La instituci\u00f3n deber\u00e1 enviar un listado con los alumnos concursantes en donde se consigne Nombre y apellido, DNI, carrera a la que pertenece, curso, tipo de trabajo presentado o tipo de danza a realizar; debidamente rubricada por autoridad\u00a0 y con sello Institucional.<\/p>\n<p>Para los dibujos, pinturas, etc. los trabajos deber\u00e1n ser presentados, en lo posible, en un sobre madera en el cual se deber\u00e1 consignar nombre y apellido del autor, DNI, nombre de la Instituci\u00f3n a la que representa, domicilio,\u00a0 tel\u00e9fono y categor\u00eda en la que se concursa.<\/p>\n<p>En todos los casos, el listado de alumnos y los trabajos (si correspondiere), ser\u00e1n recepcionados en la Direcci\u00f3n de Ense\u00f1anza Superior, sita en calle San Luis 52 de la Ciudad de Salta, hasta el d\u00eda\u00a0 11 de Octubre a hs. 18:30.<\/p>\n<p>&nbsp;<\/p>\n<p><strong>3. Exposici\u00f3n<\/strong><\/p>\n<p>Los trabajos ser\u00e1n expuestos en la <strong>Olimpiada Deportiva<\/strong><strong> y Art\u00edstica \u201cIntegraci\u00f3n 2012\u201d, <\/strong>durante la jornada del d\u00eda 16 de Octubre, en el lugar en donde se desarrollen la mayor\u00eda de las actividades. Para ello se destinar\u00e1 un espacio adecuado para dicha exposici\u00f3n.<\/p>\n<p>Los autores podr\u00e1n o no estar presentes, pero la instituci\u00f3n deber\u00e1 designar un delegado que represente a todos los alumnos concursantes.<\/p>\n<p><strong>4. Delegados<\/strong><\/p>\n<p>En representaci\u00f3n de cada Instituci\u00f3n actuar\u00e1 un delegado, debidamente acreditado, que podr\u00e1 ser alumno, profesor, administrativo o autoridad institucional. El delegado asumir\u00e1 la representaci\u00f3n de los alumnos concursantes, est\u00e9n o no presentes.<\/p>\n<p><strong>5. Miembros del jurado<\/strong><\/p>\n<p>a) El jurado estar\u00e1 conformado por entre tres y cinco\u00a0 miembros, entre los que se encontrar\u00e1n dibujantes, artistas, y\/o caricaturistas, core\u00f3grafos, teatristas, m\u00fasicos, de reconocido prestigio seg\u00fan la especialidad a concursar, as\u00ed como UN (1) representante por el MINISTERIO DE EDUCACI\u00d3N, CIENCIA, TECNOLOG\u00cdA b) En la evaluaci\u00f3n de los trabajos se tomar\u00e1n en cuenta los siguientes criterios:<\/p>\n<ol>\n<li>Originalidad<\/li>\n<li>Creatividad<\/li>\n<li>Impacto Visual<\/li>\n<li>Pertinencia al tema que convoca este concurso.<\/li>\n<\/ol>\n<p class=\"ListParagraphCxSpMiddle\">c) El Jurado definir\u00e1 los tres primeros lugares, considerando el puntaje obtenido.<\/p>\n<p class=\"ListParagraphCxSpMiddle\">d) En caso de empate, los miembros del jurado podr\u00e1n deliberar y definir el ganador absoluto.<\/p>\n<p class=\"ListParagraphCxSpLast\">e) El fallo del jurado ser\u00e1 inapelable<\/p>\n<p><strong>6. \u00a0Tema del Concurso<\/strong><\/p>\n<p>El tema del concurso es <strong>\u201cDeporte y Arte\u201d<\/strong><\/p>\n<p><strong>7. Premiaci\u00f3n<\/strong><\/p>\n<p>En todas las categor\u00edas se premiar\u00e1 del primero al tercer lugar. La entrega de premios se realizar\u00e1 al finalizar la jornada del d\u00eda 16 de Octubre.<\/p>\n<p><strong>8.\u00a0\u00a0Aceptaci\u00f3n de las bases y condiciones<\/strong><\/p>\n<p>La participaci\u00f3n en este\u00a0\u00a0Concurso implica la aceptaci\u00f3n de estas bases.\u00a0\u00a0<strong>\u00a0<\/strong><\/p>\n<p><strong>9. Especificaciones para la elaboraci\u00f3n de trabajos.<\/strong><\/p>\n<p>Los participantes deber\u00e1n tener en cuenta las siguientes especificaciones:<\/p>\n<p><strong>\u00a0<\/strong><\/p>\n<p><strong>CONCURSO DE DIBUJO<\/strong><\/p>\n<p><strong>1.- Dibujo <\/strong><\/p>\n<p>a) El dibujo deber\u00e1 ser producido en papel blanco o de color.<br \/>\nb) Ser\u00e1n admitidos los siguientes tipos de papel: hoja tipo A4, papel cans\u00f3n, papel tipo cartulina, de medida m\u00ednima 20 x 30 cm y medida m\u00e1xima 50 x 70 cm.<br \/>\nc) Se podr\u00e1 utilizar cualquier tipo de t\u00e9cnica de arte: tinta, t\u00e9mperas, acuarelas, l\u00e1pices de color, l\u00e1pices negros, ceras, fibras, etc.<\/p>\n<p>d) Cada trabajo deber\u00e1 contener en el reverso de la hoja, nombre y apellido del autor, DNI, nombre de la Instituci\u00f3n a la que representa, domicilio, y tel\u00e9fono.<\/p>\n<p><strong>2. Categor\u00eda contempor\u00e1nea<\/strong><\/p>\n<p>a) Siguiendo las condiciones del dibujo cl\u00e1sico en esta categor\u00eda, ser\u00e1n admitidos dise\u00f1os elaborados en computadoras, collage con recortes de revista, diarios y dem\u00e1s, calcos, fotograf\u00edas, logotipos, etc., no pudiendo incorporar im\u00e1genes registradas.<\/p>\n<p><strong>CONCURSO DE\u00a0\u00a0PINTURA, ESCULTURA, GRABADO, ARTE TEXTIL, ARTE OBJETO<\/strong><\/p>\n<p><strong>Pintura<\/strong><\/p>\n<p>Las obras de Pintura deber\u00e1n medir un m\u00e1ximo de 1,20 cm de ancho x 1 metro de alto. Se admitir\u00e1n d\u00edpticos y tr\u00edpticos, siempre que las partes que los compongan mantengan una estrecha relaci\u00f3n de unidad, tema o procedimiento.<\/p>\n<p>Se admitir\u00e1n obras con cualquier t\u00e9cnica de Pintura\u00a0 sobre soporte r\u00edgido listas para colgar que se relacionen con la tem\u00e1tica propuesta. No se aceptar\u00e1n copias de artistas u otros.<\/p>\n<p><strong>Escultura<\/strong><\/p>\n<p>Las obras escult\u00f3ricas deber\u00e1n medir de altura un m\u00e1ximo de 1,50 metros de altura x 1,00 de di\u00e1metro, el peso total no debe pasar de los 150 kg. Puede utilizarse cualquier t\u00e9cnica de escultura menos las realizadas con materiales perecederos.<\/p>\n<p><strong>Arte Textil<\/strong><\/p>\n<p>La obra deber\u00e1 ser realizada con procedimientos textiles\u00a0 y deber\u00e1 tener un m\u00e1ximo de 1,20 m de ancho x 1 m de alto incluyendo el marco.<\/p>\n<p><strong>Grabado<\/strong><\/p>\n<p>Las obras de grabado deber\u00e1n tener un m\u00e1ximo de 1m x 0,80 m de alto con marco incluido .Al dorso deber\u00e1 constar la descripci\u00f3n del procedimiento utilizado, salvo en el caso de la monocopia, la matriz debe permitir una serie de 10 copias como m\u00ednimo.<\/p>\n<p><strong>Arte Objeto.<\/strong><\/p>\n<p>Podr\u00e1n presentarse obras bi o tridimensionales realizadas con procedimientos innovadores<\/p>\n<p>No se admitir\u00e1n obras realizadas con materiales org\u00e1nicos, seres vivos o materiales perecederos.<\/p>\n<p><strong>De la no admisi\u00f3n<\/strong><\/p>\n<p>No ser\u00e1n admitidas las siguientes obras:<\/p>\n<ol>\n<li>Las que hayan sido expuestas p\u00fablicamente o presentadas en concursos anteriores.<\/li>\n<li>Las obras producidas por m\u00e1s de un autor.<\/li>\n<li>Las copias y las creadas por un estudiante y ejecutadas por otro.<\/li>\n<li>Las que pertenezcan a autores que no cumplan con requisitos antes mencionados<\/li>\n<\/ol>\n<p><strong>FOTOGRAF\u00cdA<\/strong><\/p>\n<ol>\n<li>Los temas har\u00e1n referencia al \u201cDeporte y el Arte\u201d.<\/li>\n<li>Se aceptar\u00e1n tres fotograf\u00edas por cada participante.<\/li>\n<li>El formato de las fotograf\u00edas ser\u00e1 como m\u00ednimo de 15 X 21cm, no existiendo l\u00edmite m\u00e1ximo. Se admitir\u00e1n fotos en color y blanco y negro.<\/li>\n<li>Cada fotograf\u00eda llevar\u00e1 un t\u00edtulo escrito por detr\u00e1s, nombre y apellido del autor, DNI, nombre de la instituci\u00f3n a la que representa, domicilio y tel\u00e9fono.<\/li>\n<\/ol>\n<p><strong>CORTO INSTITUCIONAL<\/strong><\/p>\n<ol>\n<li>Los temas har\u00e1n referencia a la instituci\u00f3n en su conjunto, pudi\u00e9ndose abordar su historia, caracter\u00edsticas de la comunidad educativa, proyectos educativos, etc.<\/li>\n<li>Se aceptar\u00e1 un solo trabajo por instituci\u00f3n.<\/li>\n<li>La duraci\u00f3n del documental no podr\u00e1 exceder los cinco minutos.<\/li>\n<li>Los instrumentos utilizados para producir el material objeto del concurso, es libre, debiendo presentar los trabajos en formato digital (DVD). En el disco deber\u00e1 mencionarse \u00a0nombre del autor, instituci\u00f3n y el t\u00edtulo del trabajo.<\/li>\n<li>No ser\u00e1n admitidas obras que hayan sido presentadas en otros concursos.<\/li>\n<\/ol>\n<p><strong>\u00a0<\/strong><\/p>\n<p><strong>DANZA, TEATRO, PERFORMANCE y otros.<\/strong><\/p>\n<p><strong>1. Participantes<\/strong> Podr\u00e1n participar los alumnos de los Institutos de Educaci\u00f3n Superior dependientes de la Direcci\u00f3n de Ense\u00f1anza Superior y de la Direcci\u00f3n de Ense\u00f1anza Privada, inscriptos en el periodo lect\u00edvo 2012.<\/p>\n<p>Habr\u00e1 dos (2) categor\u00edas:<\/p>\n<p>a) Alumnos estudiantes de Arte.<\/p>\n<p>b) Alumnos de otras carreras de formaci\u00f3n superior.<\/p>\n<p>En ambos casos las presentaciones podr\u00e1n ser individuales y\/o grupales.<\/p>\n<p><strong>\u00a0<\/strong><\/p>\n<p><strong>2. De los grupos <\/strong><\/p>\n<ul>\n<li>La conformaci\u00f3n de los grupos ser\u00e1 propuesta por los estudiantes.<\/li>\n<li>La danza no podr\u00e1 durar menos de cinco (05) minutos ni m\u00e1s de diez (10) minutos. El tiempo adicional empleado restar\u00e1 puntaje: dos (02) puntos por cada minuto adicional.<\/li>\n<li>La presentaci\u00f3n, ensayos, dise\u00f1o coreogr\u00e1fico, escenograf\u00eda, m\u00fasica y todo lo necesario para la presentaci\u00f3n ser\u00e1 financiado por cada instituci\u00f3n.<\/li>\n<li>Cada grupo de danza deber\u00e1 entregar oportunamente el CD conteniendo el tema a interpretar (s\u00f3lo con el tema a concursar). No se permitir\u00e1 marco musical en vivo.<\/li>\n<\/ul>\n<p><strong>3. Disposiciones finales<\/strong><\/p>\n<p>Las disposiciones no previstas en las presentes Bases ser\u00e1n resueltas por la Comisi\u00f3n Organizadora<\/p>\n<p><strong>4. De la inscripci\u00f3n:<\/strong><\/p>\n<p>Incluye el llenado correcto de los formularios por cada instituci\u00f3n.<\/p>\n<p><strong>5.\u00a0De la presentaci\u00f3n<\/strong><\/p>\n<ul>\n<li>La presentaci\u00f3n se realizar\u00e1 el d\u00eda 16 de Octubre de 2012, a partir de hs. 19:00<\/li>\n<li>El evento se llevar\u00e1 a cabo en el Micro Estadio Delmi, el d\u00eda mencionado en el punto anterior.<\/li>\n<li>El orden de las presentaciones ser\u00e1 definido por sorteo.<\/li>\n<li>Los grupos art\u00edsticos inscriptos deber\u00e1n presentar lista final de sus participantes,\u00a0 adjuntando CD con pista de la danza, rese\u00f1a o glosa de la danza.<\/li>\n<li>Los grupos art\u00edsticos no podr\u00e1n realizar ensayos el d\u00eda del evento.<\/li>\n<li>Los grupos art\u00edsticos podr\u00e1n disponer de recursos escenogr\u00e1ficos convenientes para una presentaci\u00f3n eficaz.<\/li>\n<li>No se permitir\u00e1 el uso de fuegos artificiales..<\/li>\n<\/ul>\n<p class=\"ListParagraph\">\n<p>&nbsp;<\/p>\n<p><strong>M\u00daSICA<\/strong><\/p>\n<p><strong>\u00a0<\/strong><\/p>\n<p><strong>1. Participantes<\/strong><\/p>\n<p>Podr\u00e1n participar los alumnos de los Institutos de Educaci\u00f3n Superior dependientes de la Direcci\u00f3n de Ense\u00f1anza Superior y de la Direcci\u00f3n de Ense\u00f1anza Privada, inscriptos en el periodo lect\u00edvo 2012.<\/p>\n<p>Habr\u00e1 dos (2) categor\u00edas:<\/p>\n<p>1.- Canto:\u00a0 \u00a0\u00a0\u00a0\u00a0\u00a0 a) Folcklore y Tango.<\/p>\n<p>b) M\u00fasica moderna.<\/p>\n<p>Las\u00a0 presentaciones podr\u00e1n ser individuales (con pista o en vivo) y de conjunto.<\/p>\n<p>&nbsp;<\/p>\n<p>2.- M\u00fasica Instrumental.<\/p>\n<p>Individual o de conjunto.<\/p>\n<p><strong>\u00a0<\/strong><\/p>\n<p><strong>2. De los grupos <\/strong><\/p>\n<ul>\n<li>La conformaci\u00f3n de los conjuntos ser\u00e1 propuesta por los estudiantes y deber\u00e1n pertenecer a una misma instituci\u00f3n.<\/li>\n<li>Solo podr\u00e1n presentar un solo tema.<\/li>\n<li>Todo lo necesario para la presentaci\u00f3n ser\u00e1 financiado por cada instituci\u00f3n.<\/li>\n<\/ul>\n<p><strong>\u00a0<\/strong><\/p>\n<p><strong>3. Disposiciones finales<\/strong><\/p>\n<p>Las disposiciones no previstas en las presentes Bases ser\u00e1n resueltas por la Comisi\u00f3n Organizadora<\/p>\n<p><strong>4. De la inscripci\u00f3n:<\/strong><\/p>\n<p>Incluye el llenado correcto de los formularios por cada instituci\u00f3n.<\/p>\n<p><strong>5.\u00a0De la presentaci\u00f3n<\/strong><\/p>\n<ul>\n<li>La presentaci\u00f3n se realizar\u00e1 el d\u00eda 16 de Octubre de 2012, a partir de hs. 19:00<\/li>\n<li>El evento se llevar\u00e1 a cabo en el Micro Estadio Delmi, el d\u00eda mencionado en el punto anterior.<\/li>\n<li>El orden de las presentaciones ser\u00e1 definido por sorteo.<\/li>\n<li>Los grupos art\u00edsticos inscriptos deber\u00e1n presentar lista final de sus participantes,\u00a0 adjuntando rese\u00f1a o glosa del tema a interpretar, categor\u00eda y nombre del tema.<\/li>\n<li>Los grupos art\u00edsticos no podr\u00e1n realizar ensayos el d\u00eda del evento.<\/li>\n<li>Los grupos art\u00edsticos podr\u00e1n disponer de recursos escenogr\u00e1ficos convenientes para una presentaci\u00f3n eficaz.<\/li>\n<li>No se permitir\u00e1 el uso de fuegos artificiales.<\/li>\n<\/ul>\n<p>&nbsp;<\/p>\n<p><strong>OLIMPIADA DEPORTIVA Y ART\u00cdSTICA DE NIVEL SUPERIOR\u00a0 \u201cINTEGRACI\u00d3N 2012\u201d<\/strong><\/p>\n<p><strong><span style=\"text-decoration: underline;\">\u00a0<\/span><\/strong><\/p>\n<p><strong><span style=\"text-decoration: underline;\">PLANILLA DE INSCRIPCI\u00d3N<\/span>: <\/strong><\/p>\n<p><strong><span style=\"text-decoration: underline;\">\u00a0<\/span><\/strong><\/p>\n<p>INSTITUCI\u00d3N:<\/p>\n<p>Delegado:<\/p>\n<p>DNI N\u00b0<\/p>\n<table border=\"1\" width=\"631\" cellspacing=\"0\" cellpadding=\"0\">\n<tbody>\n<tr>\n<td valign=\"top\" width=\"35\">\u00a0N\u00ba<\/td>\n<td valign=\"top\" width=\"145\">Nombre y Apellido del Alumno<\/td>\n<td valign=\"top\" width=\"55\">DNI<\/td>\n<td valign=\"top\" width=\"71\">Carrera<\/td>\n<td valign=\"top\" width=\"60\">Curso<\/td>\n<td valign=\"top\" width=\"84\">Tipo de trabajo presentado<\/td>\n<td valign=\"top\" width=\"77\">Categor\u00eda<\/td>\n<td valign=\"top\" width=\"106\">T\u00edtulo de la obra<\/td>\n<\/tr>\n<tr>\n<td valign=\"top\" width=\"35\">01<\/td>\n<td valign=\"top\" width=\"145\"><\/td>\n<td valign=\"top\" width=\"55\"><\/td>\n<td valign=\"top\" width=\"71\"><\/td>\n<td valign=\"top\" width=\"60\"><\/td>\n<td valign=\"top\" width=\"84\"><\/td>\n<td valign=\"top\" width=\"77\"><\/td>\n<td valign=\"top\" width=\"106\"><\/td>\n<\/tr>\n<tr>\n<td valign=\"top\" width=\"35\">02<\/td>\n<td valign=\"top\" width=\"145\"><\/td>\n<td valign=\"top\" width=\"55\"><\/td>\n<td valign=\"top\" width=\"71\"><\/td>\n<td valign=\"top\" width=\"60\"><\/td>\n<td valign=\"top\" width=\"84\"><\/td>\n<td valign=\"top\" width=\"77\"><\/td>\n<td valign=\"top\" width=\"106\"><\/td>\n<\/tr>\n<tr>\n<td valign=\"top\" width=\"35\">03<\/td>\n<td valign=\"top\" width=\"145\"><\/td>\n<td valign=\"top\" width=\"55\"><\/td>\n<td valign=\"top\" width=\"71\"><\/td>\n<td valign=\"top\" width=\"60\"><\/td>\n<td valign=\"top\" width=\"84\"><\/td>\n<td valign=\"top\" width=\"77\"><\/td>\n<td valign=\"top\" width=\"106\"><\/td>\n<\/tr>\n<tr>\n<td valign=\"top\" width=\"35\">04<\/td>\n<td valign=\"top\" width=\"145\"><\/td>\n<td valign=\"top\" width=\"55\"><\/td>\n<td valign=\"top\" width=\"71\"><\/td>\n<td valign=\"top\" width=\"60\"><\/td>\n<td valign=\"top\" width=\"84\"><\/td>\n<td valign=\"top\" width=\"77\"><\/td>\n<td valign=\"top\" width=\"106\"><\/td>\n<\/tr>\n<tr>\n<td valign=\"top\" width=\"35\">05<\/td>\n<td valign=\"top\" width=\"145\"><\/td>\n<td valign=\"top\" width=\"55\"><\/td>\n<td valign=\"top\" width=\"71\"><\/td>\n<td valign=\"top\" width=\"60\"><\/td>\n<td valign=\"top\" width=\"84\"><\/td>\n<td valign=\"top\" width=\"77\"><\/td>\n<td valign=\"top\" width=\"106\"><\/td>\n<\/tr>\n<tr>\n<td valign=\"top\" width=\"35\">06<\/td>\n<td valign=\"top\" width=\"145\"><\/td>\n<td valign=\"top\" width=\"55\"><\/td>\n<td valign=\"top\" width=\"71\"><\/td>\n<td valign=\"top\" width=\"60\"><\/td>\n<td valign=\"top\" width=\"84\"><\/td>\n<td valign=\"top\" width=\"77\"><\/td>\n<td valign=\"top\" width=\"106\"><\/td>\n<\/tr>\n<tr>\n<td valign=\"top\" width=\"35\">07<\/td>\n<td valign=\"top\" width=\"145\"><\/td>\n<td valign=\"top\" width=\"55\"><\/td>\n<td valign=\"top\" width=\"71\"><\/td>\n<td valign=\"top\" width=\"60\"><\/td>\n<td valign=\"top\" width=\"84\"><\/td>\n<td valign=\"top\" width=\"77\"><\/td>\n<td valign=\"top\" width=\"106\"><\/td>\n<\/tr>\n<tr>\n<td valign=\"top\" width=\"35\">08<\/td>\n<td valign=\"top\" width=\"145\"><\/td>\n<td valign=\"top\" width=\"55\"><\/td>\n<td valign=\"top\" width=\"71\"><\/td>\n<td valign=\"top\" width=\"60\"><\/td>\n<td valign=\"top\" width=\"84\"><\/td>\n<td valign=\"top\" width=\"77\"><\/td>\n<td valign=\"top\" width=\"106\"><\/td>\n<\/tr>\n<tr>\n<td valign=\"top\" width=\"35\">09<\/td>\n<td valign=\"top\" width=\"145\"><\/td>\n<td valign=\"top\" width=\"55\"><\/td>\n<td valign=\"top\" width=\"71\"><\/td>\n<td valign=\"top\" width=\"60\"><\/td>\n<td valign=\"top\" width=\"84\"><\/td>\n<td valign=\"top\" width=\"77\"><\/td>\n<td valign=\"top\" width=\"106\"><\/td>\n<\/tr>\n<tr>\n<td valign=\"top\" width=\"35\">10<\/td>\n<td valign=\"top\" width=\"145\"><\/td>\n<td valign=\"top\" width=\"55\"><\/td>\n<td valign=\"top\" width=\"71\"><\/td>\n<td valign=\"top\" width=\"60\"><\/td>\n<td valign=\"top\" width=\"84\"><\/td>\n<td valign=\"top\" width=\"77\"><\/td>\n<td valign=\"top\" width=\"106\"><\/td>\n<\/tr>\n<tr>\n<td valign=\"top\" width=\"35\">11<\/td>\n<td valign=\"top\" width=\"145\"><\/td>\n<td valign=\"top\" width=\"55\"><\/td>\n<td valign=\"top\" width=\"71\"><\/td>\n<td valign=\"top\" width=\"60\"><\/td>\n<td valign=\"top\" width=\"84\"><\/td>\n<td valign=\"top\" width=\"77\"><\/td>\n<td valign=\"top\" width=\"106\"><\/td>\n<\/tr>\n<tr>\n<td valign=\"top\" width=\"35\">12<\/td>\n<td valign=\"top\" width=\"145\"><\/td>\n<td valign=\"top\" width=\"55\"><\/td>\n<td valign=\"top\" width=\"71\"><\/td>\n<td valign=\"top\" width=\"60\"><\/td>\n<td valign=\"top\" width=\"84\"><\/td>\n<td valign=\"top\" width=\"77\"><\/td>\n<td valign=\"top\" width=\"106\"><\/td>\n<\/tr>\n<tr>\n<td valign=\"top\" width=\"35\">13<\/td>\n<td valign=\"top\" width=\"145\"><\/td>\n<td valign=\"top\" width=\"55\"><\/td>\n<td valign=\"top\" width=\"71\"><\/td>\n<td valign=\"top\" width=\"60\"><\/td>\n<td valign=\"top\" width=\"84\"><\/td>\n<td valign=\"top\" width=\"77\"><\/td>\n<td valign=\"top\" width=\"106\"><\/td>\n<\/tr>\n<tr>\n<td valign=\"top\" width=\"35\">14<\/td>\n<td valign=\"top\" width=\"145\"><\/td>\n<td valign=\"top\" width=\"55\"><\/td>\n<td valign=\"top\" width=\"71\"><\/td>\n<td valign=\"top\" width=\"60\"><\/td>\n<td valign=\"top\" width=\"84\"><\/td>\n<td valign=\"top\" width=\"77\"><\/td>\n<td valign=\"top\" width=\"106\"><\/td>\n<\/tr>\n<tr>\n<td valign=\"top\" width=\"35\">15<\/td>\n<td valign=\"top\" width=\"145\"><\/td>\n<td valign=\"top\" width=\"55\"><\/td>\n<td valign=\"top\" width=\"71\"><\/td>\n<td valign=\"top\" width=\"60\"><\/td>\n<td valign=\"top\" width=\"84\"><\/td>\n<td valign=\"top\" width=\"77\"><\/td>\n<td valign=\"top\" width=\"106\"><\/td>\n<\/tr>\n<tr>\n<td valign=\"top\" width=\"35\">16<\/td>\n<td valign=\"top\" width=\"145\"><\/td>\n<td valign=\"top\" width=\"55\"><\/td>\n<td valign=\"top\" width=\"71\"><\/td>\n<td valign=\"top\" width=\"60\"><\/td>\n<td valign=\"top\" width=\"84\"><\/td>\n<td valign=\"top\" width=\"77\"><\/td>\n<td valign=\"top\" width=\"106\"><\/td>\n<\/tr>\n<tr>\n<td valign=\"top\" width=\"35\">17<\/td>\n<td valign=\"top\" width=\"145\"><\/td>\n<td valign=\"top\" width=\"55\"><\/td>\n<td valign=\"top\" width=\"71\"><\/td>\n<td valign=\"top\" width=\"60\"><\/td>\n<td valign=\"top\" width=\"84\"><\/td>\n<td valign=\"top\" width=\"77\"><\/td>\n<td valign=\"top\" width=\"106\"><\/td>\n<\/tr>\n<tr>\n<td valign=\"top\" width=\"35\">18<\/td>\n<td valign=\"top\" width=\"145\"><\/td>\n<td valign=\"top\" width=\"55\"><\/td>\n<td valign=\"top\" width=\"71\"><\/td>\n<td valign=\"top\" width=\"60\"><\/td>\n<td valign=\"top\" width=\"84\"><\/td>\n<td valign=\"top\" width=\"77\"><\/td>\n<td valign=\"top\" width=\"106\"><\/td>\n<\/tr>\n<tr>\n<td valign=\"top\" width=\"35\">19<\/td>\n<td valign=\"top\" width=\"145\"><\/td>\n<td valign=\"top\" width=\"55\"><\/td>\n<td valign=\"top\" width=\"71\"><\/td>\n<td valign=\"top\" width=\"60\"><\/td>\n<td valign=\"top\" width=\"84\"><\/td>\n<td valign=\"top\" width=\"77\"><\/td>\n<td valign=\"top\" width=\"106\"><\/td>\n<\/tr>\n<tr>\n<td valign=\"top\" width=\"35\">20<\/td>\n<td valign=\"top\" width=\"145\"><\/td>\n<td valign=\"top\" width=\"55\"><\/td>\n<td valign=\"top\" width=\"71\"><\/td>\n<td valign=\"top\" width=\"60\"><\/td>\n<td valign=\"top\" width=\"84\"><\/td>\n<td valign=\"top\" width=\"77\"><\/td>\n<td valign=\"top\" width=\"106\"><\/td>\n<\/tr>\n<\/tbody>\n<\/table>\n<p>&nbsp;<\/p>\n<p>:<\/p>\n<p>&nbsp;<\/p>\n<p>&nbsp;<\/p>\n<p>&nbsp;<\/p>\n<p>&nbsp;<\/p>\n<p>&nbsp;<\/p>\n<p>&nbsp;<\/p>\n<p>&nbsp;<\/p>\n<p>Sello Institucional\u00a0\u00a0\u00a0\u00a0\u00a0\u00a0\u00a0\u00a0\u00a0\u00a0\u00a0\u00a0\u00a0\u00a0\u00a0\u00a0\u00a0\u00a0\u00a0\u00a0\u00a0\u00a0\u00a0\u00a0\u00a0\u00a0\u00a0\u00a0\u00a0\u00a0\u00a0\u00a0\u00a0\u00a0\u00a0\u00a0\u00a0\u00a0\u00a0\u00a0\u00a0\u00a0\u00a0\u00a0\u00a0\u00a0\u00a0\u00a0\u00a0\u00a0\u00a0\u00a0\u00a0\u00a0\u00a0\u00a0\u00a0\u00a0\u00a0\u00a0\u00a0\u00a0\u00a0\u00a0 Firma Autoridad<\/p>\n","protected":false},"excerpt":{"rendered":"<p>OLIMP\u00cdADA DEPORTIVA Y ART\u00cdSTICA DE NIVEL SUPERIOR\u00a0 \u201cINTEGRACI\u00d3N 2012\u201d La Direcci\u00f3n de Ense\u00f1anza Superior del Ministerio de Educaci\u00f3n, Ciencia y Tecnolog\u00eda, con el apoyo de Secretar\u00eda de Deportes de la Provincia, el Instituto Superior del Profesorado de Artes (ISPA) N\u00b0 6004, Escuela de Bellas Artes N\u00b0 6002 y la Escuela Superior de M\u00fasica de La &#8230; <a title=\"Bases y Condiciones Olimpiada de Arte\" class=\"read-more\" href=\"https:\/\/dges-sal.infd.edu.ar\/sitio\/bases-y-condiciones-olimpiada-de-arte\/\" aria-label=\"More on Bases y Condiciones Olimpiada de Arte\">[+]<\/a><\/p>\n","protected":false},"author":790,"featured_media":0,"parent":0,"menu_order":0,"comment_status":"closed","ping_status":"closed","template":"","meta":[],"acf":[],"_links":{"self":[{"href":"https:\/\/dges-sal.infd.edu.ar\/sitio\/wp-json\/wp\/v2\/pages\/1464"}],"collection":[{"href":"https:\/\/dges-sal.infd.edu.ar\/sitio\/wp-json\/wp\/v2\/pages"}],"about":[{"href":"https:\/\/dges-sal.infd.edu.ar\/sitio\/wp-json\/wp\/v2\/types\/page"}],"author":[{"embeddable":true,"href":"https:\/\/dges-sal.infd.edu.ar\/sitio\/wp-json\/wp\/v2\/users\/790"}],"replies":[{"embeddable":true,"href":"https:\/\/dges-sal.infd.edu.ar\/sitio\/wp-json\/wp\/v2\/comments?post=1464"}],"version-history":[{"count":3,"href":"https:\/\/dges-sal.infd.edu.ar\/sitio\/wp-json\/wp\/v2\/pages\/1464\/revisions"}],"predecessor-version":[{"id":1787,"href":"https:\/\/dges-sal.infd.edu.ar\/sitio\/wp-json\/wp\/v2\/pages\/1464\/revisions\/1787"}],"wp:attachment":[{"href":"https:\/\/dges-sal.infd.edu.ar\/sitio\/wp-json\/wp\/v2\/media?parent=1464"}],"curies":[{"name":"wp","href":"https:\/\/api.w.org\/{rel}","templated":true}]}}