{"id":1377,"date":"2018-07-03T13:28:49","date_gmt":"2018-07-03T16:28:49","guid":{"rendered":"https:\/\/dges-sal.infd.edu.ar\/sitio\/2018-becas\/"},"modified":"2018-08-09T10:15:43","modified_gmt":"2018-08-09T13:15:43","slug":"2018-becas","status":"publish","type":"page","link":"https:\/\/dges-sal.infd.edu.ar\/sitio\/2018-becas\/","title":{"rendered":"BECAS"},"content":{"rendered":"<h4 style=\"text-align: center;\"><a href=\"https:\/\/youtu.be\/tOBrY27ArGc\" target=\"_blank\" rel=\"noopener\"><span style=\"font-size: 14pt;\"><strong>Becas Progresar Nivel Superior<\/strong><\/span><\/a><\/h4>\n<h5><span style=\"color: #008080;\"><strong>Referente: Benjam\u00edn Beltr\u00e1n<\/strong><\/span><\/h5>\n<p style=\"text-align: justify;\">Beca PROGRESAR Junta lo que era el Programa Progresar con todas las becas que hab\u00eda en el Ministerio de Educaci\u00f3n de la Naci\u00f3n.<\/p>\n<p style=\"text-align: center;\"><img decoding=\"async\" title=\"Montos Actualizados\" src=\"https:\/\/dges-sal.infd.edu.ar\/sitio\/wp-content\/uploads\/2018\/07\/MONTOS_ACTUALIZADOS.jpg\" alt=\"Montos Actualizados\" border=\"0\" \/><\/p>\n<p>La inscripci\u00f3n de Becas Progresar comenzaron el 1 de febrero y terminar\u00e1 el 31 de marzo en algunas de sus lineas. Como hasta ahora,\u00a0estar\u00e1 abierto a todos los j\u00f3venes ingresantes a carreras de nivel superior de Institutos de Gesti\u00f3n Estatal de 18 a 24 a\u00f1os, argentinos o con al menos cinco a\u00f1os de residencia en el pa\u00eds,\u00a0con unos ingresos familiares totales menores de tres salarios m\u00ednimos vitales y m\u00f3viles. Entre quienes ya son parte del programa, y a quienes no son estudiantes ingresantes (Avanzados) el l\u00edmite de edad se extender\u00e1 a 30 a\u00f1os.<\/p>\n<p>El nuevo programa pasa de la \u00f3rbita de la ANSES al Ministerio de Educaci\u00f3n.\u00a0Uno de sus principales objetivos ser\u00e1 potenciar carreras muy demandadas y esenciales para el desarrollo del pa\u00eds. Para ello, seguir\u00e1 un esquema regionalizado y temporal.<\/p>\n<p>Las Inscripciones se realizan en la Siguiente Direcci\u00f3n WEB:<\/p>\n<p><span style=\"font-size: 18pt;\"><a href=\"https:\/\/becasprogresar.educacion.gob.ar\/\">https:\/\/becasprogresar.educacion.gob.ar\/<\/a><\/span><\/p>\n<p>Las opciones para estudiantes de nivel superior en SALTA son:<\/p>\n<table border=\"0\" width=\"0\">\n<tbody>\n<tr style=\"height: 35px;\">\n<td style=\"height: 35px;\" width=\"148\"><strong>L\u00ednea<\/strong><\/td>\n<td style=\"height: 35px;\" width=\"160\"><strong>Destinarios<\/strong><\/td>\n<td style=\"height: 35px;\" width=\"102\"><strong>Lanzamiento<\/strong><\/td>\n<td style=\"height: 35px;\" width=\"118\"><strong>Cierre<\/strong><\/td>\n<\/tr>\n<tr style=\"height: 62px;\">\n<td style=\"height: 62px;\" width=\"148\"><a href=\"https:\/\/becasprogresar.educacion.gob.ar\/formulario_\/inscripcion.php\"><strong>Alumnos universitarios y terciarios<\/strong><\/a><\/td>\n<td style=\"height: 62px;\" width=\"160\">Alumnos de Educaci\u00f3n Superior. Gesti\u00f3n Estatal<\/td>\n<td style=\"height: 62px;\" width=\"102\">01\/02\/2018<\/td>\n<td style=\"height: 62px;\" width=\"118\">30\/04\/2018<\/td>\n<\/tr>\n<tr style=\"height: 48.9px;\">\n<td style=\"height: 48.9px;\" width=\"148\"><a href=\"https:\/\/becasprogresar.educacion.gob.ar\/formularioinfd\/form.php\"><strong>Formaci\u00f3n Docente &#8211; Compromiso Docente<\/strong><\/a><\/td>\n<td style=\"height: 48.9px;\" width=\"160\">Alumnos de Educaci\u00f3n Superior.\u00a0 Gesti\u00f3n Estatal<\/td>\n<td style=\"height: 48.9px;\" width=\"102\">05\/03\/2018<\/td>\n<td style=\"height: 48.9px;\" width=\"118\">31\/03\/2018<\/td>\n<\/tr>\n<tr style=\"height: 76px;\">\n<td style=\"height: 76px;\" width=\"148\"><a href=\"https:\/\/becasprogresar.educacion.gob.ar\/formularioinfd1\/form.php\"><strong>Formaci\u00f3n Docente &#8211; Est\u00edmulos Econ\u00f3micos para Pueblos Originarios<\/strong><\/a><\/td>\n<td style=\"height: 76px;\" width=\"160\">Alumnos de Educaci\u00f3n Superior.\u00a0 Gesti\u00f3n Estatal<\/td>\n<td style=\"height: 76px;\" width=\"102\">05\/03\/2018<\/td>\n<td style=\"height: 76px;\" width=\"118\">31\/03\/2018<\/td>\n<\/tr>\n<tr style=\"height: 62px;\">\n<td style=\"height: 62px;\" width=\"148\"><a href=\"https:\/\/becasprogresar.educacion.gob.ar\/formulario_\/inscripcion.php\"><strong>Alumnos universitarios y terciarios<\/strong><\/a><\/td>\n<td style=\"height: 62px;\" width=\"160\">Becas PRONAFE. Gesti\u00f3n Privada<\/td>\n<td style=\"height: 62px;\" width=\"102\">05\/03\/2018<\/td>\n<td style=\"height: 62px;\" width=\"118\">30\/04\/2018<\/td>\n<\/tr>\n<\/tbody>\n<\/table>\n<p>En Alumnos universitarios y Terciarios se pueden inscribir todos los estudiantes de carreras de Formaci\u00f3n Docente y de Tecnicaturas de Institutos de Gesti\u00f3n Estatal.<\/p>\n<p>En la Formaci\u00f3n Docente \u2013 Compromiso Docente, los montos alcanzan los $7.400 para los estudiantes m\u00e1s avanzados.\u00a0No obstante, para acceder a la beca los postulantes ingresantes a 1\u00b0 a\u00f1o de alguna de las carreras conocidas como estrat\u00e9gicas o prioritarias deben sortear antes un examen que certifique conocimientos.<\/p>\n<p>Las carreras prioritarias en la jurisdicci\u00f3n de SALTA son los siguientes Profesorados: Profesorado de Educaci\u00f3n Secundaria en F\u00edsica, Profesorado de Educaci\u00f3n Secundaria Qu\u00edmica, Profesorado de Educaci\u00f3n Secundaria en Lengua y Literatura y el Profesorado de\u00a0 Ingles.<\/p>\n<p>Hasta hoy, a nivel nacional la beca alcanza 3 mil futuros docentes, pero podr\u00eda llegar hasta 6 mil este a\u00f1o.<\/p>\n<p>En la Formaci\u00f3n Docente \u2013 Est\u00edmulos Econ\u00f3micos para Pueblos Originarios se pueden inscribir todos los estudiantes de carreras de formaci\u00f3n docente de Institutos de gesti\u00f3n estatal tanto ingresantes como avanzados y luego de completar su postulaci\u00f3n por internet tendr\u00e1n que presentar en la Instituci\u00f3n donde estudian el aval de pertenencia a un pueblo Originario.<\/p>\n<p>Ahora, las exigencias para renovar la beca cada a\u00f1o tambi\u00e9n cambian.\u00a0A los estudiantes de nivel superior se les pedir\u00e1 aprobar la mitad m\u00e1s una de las asignaturas del programa de estudios, con un corte a mitad de a\u00f1o para revisar la trayectoria acad\u00e9mica de cada chico. A su vez, premiar\u00e1n la excelencia.\u00a0Quienes aprueben todas las materias con promedio de 8 o m\u00e1s, recibir\u00e1n al final del ciclo lectivo un pago que duplicar\u00e1 su beca del total del a\u00f1o.<\/p>\n<p>Qu\u00e9 pasa con los beneficiarios del anterior Programa Progresar hasta 2017<\/p>\n<p>Los beneficiarios activos a diciembre de 2017 en educaci\u00f3n superior percibir\u00e1n su aporte econ\u00f3mico mientras est\u00e9 abierta la convocatoria 2018, aunque, al igual que el resto de los aspirantes, deber\u00e1n inscribirse para las nuevas becas.<\/p>\n<p>Hay cuatro grupos. El primero de ellos responde a quienes s\u00ed cumplen con las nuevas exigencias de Progresar. Es decir, estudiantes que en 2017 aprobaron la mitad m\u00e1s una de las materias. Todos ellos pasar\u00e1n a cobrar el monto actualizado a partir de mayo.<\/p>\n<p>A los j\u00f3venes que no cumplan esas exigencias ni las anteriores -al menos acreditar dos materias por a\u00f1o- se los dar\u00e1 de baja en abril.\u00a0Los que no cumplen los nuevos requisitos, pero s\u00ed los del a\u00f1o pasado seguir\u00e1n siendo parte del programa con un pago de $1.280 hasta diciembre y en 2018 deber\u00e1n adaptarse a los nuevas condiciones.\u00a0A los nuevos ingresantes no se les revisar\u00e1n los antecedentes del a\u00f1o pasado.<\/p>\n<p><img decoding=\"async\" class=\"aligncenter\" title=\"Fechas de Pago\" src=\"https:\/\/dges-sal.infd.edu.ar\/sitio\/wp-content\/uploads\/2018\/07\/FECHAS_DE_PAGO_SUPERIOR.jpg\" alt=\"Fechas de Pago\" border=\"0\" \/><\/p>\n<p>&nbsp;<\/p>\n<h3>BECA PROGRESAR c\u00f3mo inscribirte<\/h3>\n<p style=\"text-align: center;\"><iframe loading=\"lazy\" src=\"https:\/\/www.youtube.com\/embed\/jhmprNZ-SqA?wmode=transparent\" width=\"560\" height=\"315\" frameborder=\"0\" allowfullscreen=\"allowfullscreen\"><\/iframe><\/p>\n<p>&nbsp;<\/p>\n<h3>Recuperar contrase\u00f1a de estudiantes para completar su inscripci\u00f3n en beca progresar:<\/h3>\n<p style=\"text-align: center;\"><iframe loading=\"lazy\" src=\"https:\/\/www.youtube.com\/embed\/7i8jTC8qRTE?wmode=transparent\" width=\"560\" height=\"315\" frameborder=\"0\" allowfullscreen=\"allowfullscreen\"><\/iframe><\/p>\n<p>IES Ingreso a sistema PROGRESAR y Certificaci\u00f3n para pago de 20% retenido del Programa PROGRESAR 2017:<\/p>\n<p style=\"text-align: center;\"><iframe loading=\"lazy\" src=\"https:\/\/www.youtube.com\/embed\/PiG1jHw4Z3k?wmode=transparent\" width=\"560\" height=\"315\" frameborder=\"0\" allowfullscreen=\"allowfullscreen\"><\/iframe><\/p>\n<p>IES Certificar Postulaciones Progresar 2018:<\/p>\n<p style=\"text-align: center;\"><iframe loading=\"lazy\" src=\"https:\/\/www.youtube.com\/embed\/u4DLO6O9S0o?wmode=transparent\" width=\"560\" height=\"315\" frameborder=\"0\" allowfullscreen=\"allowfullscreen\"><\/iframe><\/p>\n<h4>Resultados Beca Progresar 2018 y periodo de reclamos:<\/h4>\n<p style=\"text-align: center;\"><iframe loading=\"lazy\" src=\"https:\/\/www.youtube.com\/embed\/tOBrY27ArGc?wmode=transparent\" width=\"560\" height=\"315\" frameborder=\"0\" allowfullscreen=\"allowfullscreen\"><\/iframe><\/p>\n<p style=\"text-align: center;\">\n","protected":false},"excerpt":{"rendered":"<p>Becas Progresar Nivel Superior Referente: Benjam\u00edn Beltr\u00e1n Beca PROGRESAR Junta lo que era el Programa Progresar con todas las becas que hab\u00eda en el Ministerio de Educaci\u00f3n de la Naci\u00f3n. La inscripci\u00f3n de Becas Progresar comenzaron el 1 de febrero y terminar\u00e1 el 31 de marzo en algunas de sus lineas. Como hasta ahora,\u00a0estar\u00e1 abierto &#8230; <a title=\"BECAS\" class=\"read-more\" href=\"https:\/\/dges-sal.infd.edu.ar\/sitio\/2018-becas\/\" aria-label=\"More on BECAS\">[+]<\/a><\/p>\n","protected":false},"author":790,"featured_media":0,"parent":0,"menu_order":0,"comment_status":"open","ping_status":"closed","template":"","meta":[],"acf":[],"_links":{"self":[{"href":"https:\/\/dges-sal.infd.edu.ar\/sitio\/wp-json\/wp\/v2\/pages\/1377"}],"collection":[{"href":"https:\/\/dges-sal.infd.edu.ar\/sitio\/wp-json\/wp\/v2\/pages"}],"about":[{"href":"https:\/\/dges-sal.infd.edu.ar\/sitio\/wp-json\/wp\/v2\/types\/page"}],"author":[{"embeddable":true,"href":"https:\/\/dges-sal.infd.edu.ar\/sitio\/wp-json\/wp\/v2\/users\/790"}],"replies":[{"embeddable":true,"href":"https:\/\/dges-sal.infd.edu.ar\/sitio\/wp-json\/wp\/v2\/comments?post=1377"}],"version-history":[{"count":15,"href":"https:\/\/dges-sal.infd.edu.ar\/sitio\/wp-json\/wp\/v2\/pages\/1377\/revisions"}],"predecessor-version":[{"id":3261,"href":"https:\/\/dges-sal.infd.edu.ar\/sitio\/wp-json\/wp\/v2\/pages\/1377\/revisions\/3261"}],"wp:attachment":[{"href":"https:\/\/dges-sal.infd.edu.ar\/sitio\/wp-json\/wp\/v2\/media?parent=1377"}],"curies":[{"name":"wp","href":"https:\/\/api.w.org\/{rel}","templated":true}]}}

<h4 style="text-align: center;"><a href="https://youtu.be/tOBrY27ArGc" target="_blank" rel="noopener"><span style="font-size: 14pt;"><strong>Becas Progresar Nivel Superior</strong></span></a></h4>
<h5><span style="color: #008080;"><strong>Referente: Benjamín Beltrán</strong></span></h5>
<p style="text-align: justify;">Beca PROGRESAR Junta lo que era el Programa Progresar con todas las becas que había en el Ministerio de Educación de la Nación.</p>
<p style="text-align: center;"><img decoding="async" title="Montos Actualizados" src="https://dges-sal.infd.edu.ar/sitio/wp-content/uploads/2018/07/MONTOS_ACTUALIZADOS.jpg" alt="Montos Actualizados" border="0" /></p>
<p>La inscripción de Becas Progresar comenzaron el 1 de febrero y terminará el 31 de marzo en algunas de sus lineas. Como hasta ahora, estará abierto a todos los jóvenes ingresantes a carreras de nivel superior de Institutos de Gestión Estatal de 18 a 24 años, argentinos o con al menos cinco años de residencia en el país, con unos ingresos familiares totales menores de tres salarios mínimos vitales y móviles. Entre quienes ya son parte del programa, y a quienes no son estudiantes ingresantes (Avanzados) el límite de edad se extenderá a 30 años.</p>
<p>El nuevo programa pasa de la órbita de la ANSES al Ministerio de Educación. Uno de sus principales objetivos será potenciar carreras muy demandadas y esenciales para el desarrollo del país. Para ello, seguirá un esquema regionalizado y temporal.</p>
<p>Las Inscripciones se realizan en la Siguiente Dirección WEB:</p>
<p><span style="font-size: 18pt;"><a href="https://becasprogresar.educacion.gob.ar/">https://becasprogresar.educacion.gob.ar/</a></span></p>
<p>Las opciones para estudiantes de nivel superior en SALTA son:</p>
<table border="0" width="0">
<tbody>
<tr style="height: 35px;">
<td style="height: 35px;" width="148"><strong>Línea</strong></td>
<td style="height: 35px;" width="160"><strong>Destinarios</strong></td>
<td style="height: 35px;" width="102"><strong>Lanzamiento</strong></td>
<td style="height: 35px;" width="118"><strong>Cierre</strong></td>
</tr>
<tr style="height: 62px;">
<td style="height: 62px;" width="148"><a href="https://becasprogresar.educacion.gob.ar/formulario_/inscripcion.php"><strong>Alumnos universitarios y terciarios</strong></a></td>
<td style="height: 62px;" width="160">Alumnos de Educación Superior. Gestión Estatal</td>
<td style="height: 62px;" width="102">01/02/2018</td>
<td style="height: 62px;" width="118">30/04/2018</td>
</tr>
<tr style="height: 48.9px;">
<td style="height: 48.9px;" width="148"><a href="https://becasprogresar.educacion.gob.ar/formularioinfd/form.php"><strong>Formación Docente &#8211; Compromiso Docente</strong></a></td>
<td style="height: 48.9px;" width="160">Alumnos de Educación Superior.  Gestión Estatal</td>
<td style="height: 48.9px;" width="102">05/03/2018</td>
<td style="height: 48.9px;" width="118">31/03/2018</td>
</tr>
<tr style="height: 76px;">
<td style="height: 76px;" width="148"><a href="https://becasprogresar.educacion.gob.ar/formularioinfd1/form.php"><strong>Formación Docente &#8211; Estímulos Económicos para Pueblos Originarios</strong></a></td>
<td style="height: 76px;" width="160">Alumnos de Educación Superior.  Gestión Estatal</td>
<td style="height: 76px;" width="102">05/03/2018</td>
<td style="height: 76px;" width="118">31/03/2018</td>
</tr>
<tr style="height: 62px;">
<td style="height: 62px;" width="148"><a href="https://becasprogresar.educacion.gob.ar/formulario_/inscripcion.php"><strong>Alumnos universitarios y terciarios</strong></a></td>
<td style="height: 62px;" width="160">Becas PRONAFE. Gestión Privada</td>
<td style="height: 62px;" width="102">05/03/2018</td>
<td style="height: 62px;" width="118">30/04/2018</td>
</tr>
</tbody>
</table>
<p>En Alumnos universitarios y Terciarios se pueden inscribir todos los estudiantes de carreras de Formación Docente y de Tecnicaturas de Institutos de Gestión Estatal.</p>
<p>En la Formación Docente – Compromiso Docente, los montos alcanzan los $7.400 para los estudiantes más avanzados. No obstante, para acceder a la beca los postulantes ingresantes a 1° año de alguna de las carreras conocidas como estratégicas o prioritarias deben sortear antes un examen que certifique conocimientos.</p>
<p>Las carreras prioritarias en la jurisdicción de SALTA son los siguientes Profesorados: Profesorado de Educación Secundaria en Física, Profesorado de Educación Secundaria Química, Profesorado de Educación Secundaria en Lengua y Literatura y el Profesorado de  Ingles.</p>
<p>Hasta hoy, a nivel nacional la beca alcanza 3 mil futuros docentes, pero podría llegar hasta 6 mil este año.</p>
<p>En la Formación Docente – Estímulos Económicos para Pueblos Originarios se pueden inscribir todos los estudiantes de carreras de formación docente de Institutos de gestión estatal tanto ingresantes como avanzados y luego de completar su postulación por internet tendrán que presentar en la Institución donde estudian el aval de pertenencia a un pueblo Originario.</p>
<p>Ahora, las exigencias para renovar la beca cada año también cambian. A los estudiantes de nivel superior se les pedirá aprobar la mitad más una de las asignaturas del programa de estudios, con un corte a mitad de año para revisar la trayectoria académica de cada chico. A su vez, premiarán la excelencia. Quienes aprueben todas las materias con promedio de 8 o más, recibirán al final del ciclo lectivo un pago que duplicará su beca del total del año.</p>
<p>Qué pasa con los beneficiarios del anterior Programa Progresar hasta 2017</p>
<p>Los beneficiarios activos a diciembre de 2017 en educación superior percibirán su aporte económico mientras esté abierta la convocatoria 2018, aunque, al igual que el resto de los aspirantes, deberán inscribirse para las nuevas becas.</p>
<p>Hay cuatro grupos. El primero de ellos responde a quienes sí cumplen con las nuevas exigencias de Progresar. Es decir, estudiantes que en 2017 aprobaron la mitad más una de las materias. Todos ellos pasarán a cobrar el monto actualizado a partir de mayo.</p>
<p>A los jóvenes que no cumplan esas exigencias ni las anteriores -al menos acreditar dos materias por año- se los dará de baja en abril. Los que no cumplen los nuevos requisitos, pero sí los del año pasado seguirán siendo parte del programa con un pago de $1.280 hasta diciembre y en 2018 deberán adaptarse a los nuevas condiciones. A los nuevos ingresantes no se les revisarán los antecedentes del año pasado.</p>
<p><img decoding="async" class="aligncenter" title="Fechas de Pago" src="https://dges-sal.infd.edu.ar/sitio/wp-content/uploads/2018/07/FECHAS_DE_PAGO_SUPERIOR.jpg" alt="Fechas de Pago" border="0" /></p>
<p>&nbsp;</p>
<h3>BECA PROGRESAR cómo inscribirte</h3>
<p style="text-align: center;"><iframe loading="lazy" src="https://www.youtube.com/embed/jhmprNZ-SqA?wmode=transparent" width="560" height="315" frameborder="0" allowfullscreen="allowfullscreen"></iframe></p>
<p>&nbsp;</p>
<h3>Recuperar contraseña de estudiantes para completar su inscripción en beca progresar:</h3>
<p style="text-align: center;"><iframe loading="lazy" src="https://www.youtube.com/embed/7i8jTC8qRTE?wmode=transparent" width="560" height="315" frameborder="0" allowfullscreen="allowfullscreen"></iframe></p>
<p>IES Ingreso a sistema PROGRESAR y Certificación para pago de 20% retenido del Programa PROGRESAR 2017:</p>
<p style="text-align: center;"><iframe loading="lazy" src="https://www.youtube.com/embed/PiG1jHw4Z3k?wmode=transparent" width="560" height="315" frameborder="0" allowfullscreen="allowfullscreen"></iframe></p>
<p>IES Certificar Postulaciones Progresar 2018:</p>
<p style="text-align: center;"><iframe loading="lazy" src="https://www.youtube.com/embed/u4DLO6O9S0o?wmode=transparent" width="560" height="315" frameborder="0" allowfullscreen="allowfullscreen"></iframe></p>
<h4>Resultados Beca Progresar 2018 y periodo de reclamos:</h4>
<p style="text-align: center;"><iframe loading="lazy" src="https://www.youtube.com/embed/tOBrY27ArGc?wmode=transparent" width="560" height="315" frameborder="0" allowfullscreen="allowfullscreen"></iframe></p>
<p style="text-align: center;">

<p>Becas Progresar Nivel Superior Referente: Benjamín Beltrán Beca PROGRESAR Junta lo que era el Programa Progresar con todas las becas que había en el Ministerio de Educación de la Nación. La inscripción de Becas Progresar comenzaron el 1 de febrero y terminará el 31 de marzo en algunas de sus lineas. Como hasta ahora, estará abierto &#8230; <a title="BECAS" class="read-more" href="https://dges-sal.infd.edu.ar/sitio/2018-becas/" aria-label="More on BECAS">[+]</a></p>
