{"id":12011,"date":"2023-08-23T15:22:43","date_gmt":"2023-08-23T18:22:43","guid":{"rendered":"https:\/\/dges-sal.infd.edu.ar\/sitio\/?page_id=12011"},"modified":"2024-07-17T16:44:56","modified_gmt":"2024-07-17T19:44:56","slug":"ies-6024-convocatoria-2023-para-acceso-al-cargo-de-vicerrector","status":"publish","type":"page","link":"https:\/\/dges-sal.infd.edu.ar\/sitio\/ies-6024-convocatoria-2023-para-acceso-al-cargo-de-vicerrector\/","title":{"rendered":"<strong>IES 6024 Convocatoria 2023 para acceso al cargo de Vicerrector<\/strong>"},"content":{"rendered":"\n<p><\/p>\n\n\n\n<p>Convocatoria&nbsp;Disp. 217\/23 cobertura de cargo de&nbsp;<strong>Vicerrector&nbsp;de Instituto de Educaci\u00f3n Superior N\u00b0 6024 \u201cEscuela Normal Superior Republica de Colombia\u201d<\/strong><\/p>\n\n\n\n<p>Archivos seg\u00fan&nbsp;Disp. 216\/23 cobertura de cargo de&nbsp;<strong>Vicerrector&nbsp;de Instituto de Educaci\u00f3n Superior N\u00b0 6024 \u201cEscuela Normal Superior Republica de Colombia\u201d<\/strong><\/p>\n\n\n\n<figure class=\"wp-block-table\"><table><tbody><tr><td><strong>N\u00f3mina de aspirantes inscriptos<\/strong><\/td><td><strong>Nomina definitiva de aspirantes<\/strong><\/td><td><strong>Disposici\u00f3n nuevo tribunal (si correspondiere)<\/strong><\/td><td><strong>Dictamen evaluaci\u00f3n de T\u00edtulos y Antecedentes<\/strong><\/td><td><strong>Fecha de Examen Escrito y Resultados<\/strong><\/td><td><strong>Fecha de Exposici\u00f3n y defensa oral de la propuesta de Gesti\u00f3n y Resultados<\/strong><\/td><td><strong>Disposiciones<\/strong>&nbsp;<strong>DGES<\/strong><\/td><\/tr><tr><td>2da convocatoria<br>Archivo <strong><a href=\"https:\/\/dges-sal.infd.edu.ar\/sitio\/wp-content\/uploads\/2023\/10\/Acta-de-cierre-de-Inscripcion-6024-vicerrector-2da-convocatoria.pdf\" target=\"_blank\" rel=\"noreferrer noopener\">AQU\u00cd<\/a><\/strong><\/td><td>Archivo&nbsp;<strong><a href=\"https:\/\/dges-sal.infd.edu.ar\/sitio\/wp-content\/uploads\/2023\/10\/Disp-300-2023-DGES-IES-6024-Vicerrector-nomina-definitiva-de-aspirantes.pdf\" target=\"_blank\" rel=\"noreferrer noopener\">AQU\u00cd<\/a><\/strong><\/td><td>Archivo&nbsp;<strong>AQU\u00cd<\/strong><\/td><td>Archivo&nbsp;<strong><a href=\"https:\/\/dges-sal.infd.edu.ar\/sitio\/wp-content\/uploads\/2024\/03\/Acta-CE-cobertura-Vicerector-IES-6024-16-02-24.pdf\" target=\"_blank\" rel=\"noreferrer noopener\">AQU\u00cd<\/a><\/strong><\/td><td>Archivo&nbsp;<strong>AQU\u00cd<\/strong><\/td><td>Archivo&nbsp;<strong>AQU\u00cd<\/strong><\/td><td>Archivo<a href=\"https:\/\/dges-sal.infd.edu.ar\/sitio\/wp-content\/uploads\/2024\/07\/Disp.-34-24-DGES-IES-6024-Aprobar-procedimeinto-concursal-vicerrector-2.pdf\" target=\"_blank\" rel=\"noreferrer noopener\">\u00a0<strong>AQU\u00cd<\/strong><\/a><\/td><\/tr><tr><td>1ra Convocatoria<br>Archivo&nbsp;&nbsp;<strong><a href=\"https:\/\/dges-sal.infd.edu.ar\/sitio\/wp-content\/uploads\/2023\/09\/Acta-de-Cierre-de-Inscripcion-6024-Vicerrector.pdf\" target=\"_blank\" rel=\"noreferrer noopener\">AQU\u00cd<\/a><\/strong><\/td><td>&nbsp; &nbsp; Archivo&nbsp;<strong>AQU\u00cd<\/strong><\/td><td>&nbsp; Archivo&nbsp;<strong>AQU\u00cd<\/strong><\/td><td>&nbsp; Archivo&nbsp;&nbsp;<strong>AQU\u00cd<\/strong><\/td><td>&nbsp; Archivo&nbsp;<strong>AQU\u00cd<\/strong>&nbsp; Resultado:<strong>&nbsp;AQU\u00cd<\/strong><\/td><td>&nbsp; Archivo&nbsp;<strong>AQU\u00cd<\/strong>&nbsp;&nbsp; <strong>Resultado: AQU\u00cd<\/strong><\/td><td>Archivo&nbsp;<a href=\"https:\/\/dges-sal.infd.edu.ar\/sitio\/wp-content\/uploads\/2023\/09\/Disp-272-2023-DGES-IES-6024-Vicerrector-2da-convocatoria.pdf\" target=\"_blank\" rel=\"noreferrer noopener\">&nbsp;<strong>AQU\u00cd<\/strong><\/a><\/td><\/tr><\/tbody><\/table><\/figure>\n","protected":false},"excerpt":{"rendered":"<p>Convocatoria&nbsp;Disp. 217\/23 cobertura de cargo de&nbsp;Vicerrector&nbsp;de Instituto de Educaci\u00f3n Superior N\u00b0 6024 \u201cEscuela Normal Superior Republica de Colombia\u201d Archivos seg\u00fan&nbsp;Disp. 216\/23 cobertura de cargo de&nbsp;Vicerrector&nbsp;de Instituto de Educaci\u00f3n Superior N\u00b0 6024 \u201cEscuela Normal Superior Republica de Colombia\u201d N\u00f3mina de aspirantes inscriptos Nomina definitiva de aspirantes Disposici\u00f3n nuevo tribunal (si correspondiere) Dictamen evaluaci\u00f3n de T\u00edtulos y &#8230; <a title=\"IES 6024 Convocatoria 2023 para acceso al cargo de Vicerrector\" class=\"read-more\" href=\"https:\/\/dges-sal.infd.edu.ar\/sitio\/ies-6024-convocatoria-2023-para-acceso-al-cargo-de-vicerrector\/\" aria-label=\"More on IES 6024 Convocatoria 2023 para acceso al cargo de Vicerrector\">[+]<\/a><\/p>\n","protected":false},"author":790,"featured_media":0,"parent":0,"menu_order":0,"comment_status":"closed","ping_status":"closed","template":"","meta":[],"acf":[],"_links":{"self":[{"href":"https:\/\/dges-sal.infd.edu.ar\/sitio\/wp-json\/wp\/v2\/pages\/12011"}],"collection":[{"href":"https:\/\/dges-sal.infd.edu.ar\/sitio\/wp-json\/wp\/v2\/pages"}],"about":[{"href":"https:\/\/dges-sal.infd.edu.ar\/sitio\/wp-json\/wp\/v2\/types\/page"}],"author":[{"embeddable":true,"href":"https:\/\/dges-sal.infd.edu.ar\/sitio\/wp-json\/wp\/v2\/users\/790"}],"replies":[{"embeddable":true,"href":"https:\/\/dges-sal.infd.edu.ar\/sitio\/wp-json\/wp\/v2\/comments?post=12011"}],"version-history":[{"count":8,"href":"https:\/\/dges-sal.infd.edu.ar\/sitio\/wp-json\/wp\/v2\/pages\/12011\/revisions"}],"predecessor-version":[{"id":13059,"href":"https:\/\/dges-sal.infd.edu.ar\/sitio\/wp-json\/wp\/v2\/pages\/12011\/revisions\/13059"}],"wp:attachment":[{"href":"https:\/\/dges-sal.infd.edu.ar\/sitio\/wp-json\/wp\/v2\/media?parent=12011"}],"curies":[{"name":"wp","href":"https:\/\/api.w.org\/{rel}","templated":true}]}}