{"id":11577,"date":"2023-07-27T11:43:25","date_gmt":"2023-07-27T14:43:25","guid":{"rendered":"https:\/\/dges-sal.infd.edu.ar\/sitio\/?page_id=11577"},"modified":"2026-02-09T21:30:51","modified_gmt":"2026-02-10T00:30:51","slug":"oferta-academica","status":"publish","type":"page","link":"https:\/\/dges-sal.infd.edu.ar\/sitio\/oferta-academica\/","title":{"rendered":"Oferta Acad\u00e9mica"},"content":{"rendered":"\n<h2 class=\"wp-block-heading alignfull has-text-align-center\"><img decoding=\"async\" loading=\"lazy\" width=\"1241\" height=\"1599\" class=\"wp-image-16510\" style=\"width: 1400px;\" src=\"https:\/\/dges-sal.infd.edu.ar\/sitio\/wp-content\/uploads\/2025\/11\/oferta-grande-antes-de-profesorado-y-tecnicaturas-2026-png-1.png\" alt=\"\" srcset=\"https:\/\/dges-sal.infd.edu.ar\/sitio\/wp-content\/uploads\/2025\/11\/oferta-grande-antes-de-profesorado-y-tecnicaturas-2026-png-1.png 1241w, https:\/\/dges-sal.infd.edu.ar\/sitio\/wp-content\/uploads\/2025\/11\/oferta-grande-antes-de-profesorado-y-tecnicaturas-2026-png-1-776x1000.png 776w, https:\/\/dges-sal.infd.edu.ar\/sitio\/wp-content\/uploads\/2025\/11\/oferta-grande-antes-de-profesorado-y-tecnicaturas-2026-png-1-768x990.png 768w, https:\/\/dges-sal.infd.edu.ar\/sitio\/wp-content\/uploads\/2025\/11\/oferta-grande-antes-de-profesorado-y-tecnicaturas-2026-png-1-1192x1536.png 1192w\" sizes=\"(max-width: 1241px) 100vw, 1241px\" \/><\/h2>\n\n\n\n<div class=\"wp-block-columns alignfull is-layout-flex wp-container-6\">\n<div class=\"wp-block-column is-layout-flow\" style=\"flex-basis:50px\"><\/div>\n\n\n\n<div class=\"wp-block-column is-layout-flow\"><div class=\"wp-block-image\">\n<figure class=\"aligncenter size-full is-resized\"><img decoding=\"async\" loading=\"lazy\" src=\"https:\/\/dges-sal.infd.edu.ar\/sitio\/wp-content\/uploads\/2023\/07\/Recurso-16.png\" alt=\"\" class=\"wp-image-11599\" width=\"350\" height=\"230\"\/><\/figure><\/div><\/div>\n\n\n\n<div class=\"wp-block-column is-vertically-aligned-top is-layout-flow\" style=\"flex-basis:300px\">\n<h5><a href=\"https:\/\/dges-sal.infd.edu.ar\/sitio\/11466-2\/\"><img decoding=\"async\" loading=\"lazy\" class=\"alignnone  wp-image-11593\" src=\"https:\/\/dges-sal.infd.edu.ar\/sitio\/wp-content\/uploads\/2023\/07\/Recurso-14.png\" alt=\"\" width=\"30\" height=\"14\"> <span style=\"color: #000000;\">Capital<\/span><\/a><\/h5>\n<h5><img decoding=\"async\" loading=\"lazy\" class=\"alignnone  wp-image-11593\" src=\"https:\/\/dges-sal.infd.edu.ar\/sitio\/wp-content\/uploads\/2023\/07\/Recurso-14.png\" alt=\"\" width=\"30\" height=\"14\"> <span style=\"color: #000000;\"><a style=\"color: #000000;\" href=\"https:\/\/dges-sal.infd.edu.ar\/sitio\/r-de-lerma\/\">R. de Lerma<\/a><\/span><\/h5>\n<h5><a href=\"https:\/\/dges-sal.infd.edu.ar\/sitio\/cerrillos\/\"><img decoding=\"async\" loading=\"lazy\" class=\"alignnone  wp-image-11593\" src=\"https:\/\/dges-sal.infd.edu.ar\/sitio\/wp-content\/uploads\/2023\/07\/Recurso-14.png\" alt=\"\" width=\"30\" height=\"14\"> <span style=\"color: #000000;\">Cerrillos<\/span><\/a><\/h5>\n<h5><img decoding=\"async\" loading=\"lazy\" class=\"alignnone  wp-image-11593\" src=\"https:\/\/dges-sal.infd.edu.ar\/sitio\/wp-content\/uploads\/2023\/07\/Recurso-14.png\" alt=\"\" width=\"30\" height=\"14\"> <span style=\"color: #000000;\"><a style=\"color: #000000;\" href=\"https:\/\/dges-sal.infd.edu.ar\/sitio\/la-caldera\/\">La Caldera<\/a><\/span><\/h5>\n<\/div>\n\n\n\n<div class=\"wp-block-column is-layout-flow\"><div class=\"wp-block-image\">\n<figure class=\"aligncenter size-full is-resized\"><img decoding=\"async\" src=\"https:\/\/dges-sal.infd.edu.ar\/sitio\/wp-content\/uploads\/2023\/07\/Recurso-17.png\" alt=\"\" class=\"wp-image-11600\" width=\"350\"\/><\/figure><\/div><\/div>\n\n\n\n<div class=\"wp-block-column is-layout-flow\">\n<h5 style=\"text-align: left;\"><img decoding=\"async\" loading=\"lazy\" class=\"alignnone  wp-image-11619\" src=\"https:\/\/dges-sal.infd.edu.ar\/sitio\/wp-content\/uploads\/2023\/07\/Recurso-22.png\" alt=\"\" width=\"30\" height=\"14\"> <span style=\"color: #000000;\"><a style=\"color: #000000;\" href=\"https:\/\/dges-sal.infd.edu.ar\/sitio\/r-de-la-frontera\/\">R. de la Frontera<\/a><\/span><\/h5>\n<h5 style=\"text-align: left;\"><img decoding=\"async\" loading=\"lazy\" class=\"alignnone  wp-image-11619\" src=\"https:\/\/dges-sal.infd.edu.ar\/sitio\/wp-content\/uploads\/2023\/07\/Recurso-22.png\" alt=\"\" width=\"30\" height=\"14\"> <span style=\"color: #000000;\"><a style=\"color: #000000;\" href=\"https:\/\/dges-sal.infd.edu.ar\/sitio\/metan\/\">Met\u00e1n<\/a><\/span><\/h5>\n<h5 style=\"text-align: left;\"><img decoding=\"async\" loading=\"lazy\" class=\"alignnone  wp-image-11619\" src=\"https:\/\/dges-sal.infd.edu.ar\/sitio\/wp-content\/uploads\/2023\/07\/Recurso-22.png\" alt=\"\" width=\"30\" height=\"14\"> <span style=\"color: #000000;\"><a style=\"color: #000000;\" href=\"https:\/\/dges-sal.infd.edu.ar\/sitio\/anta\/\">Anta<\/a><\/span><\/h5>\n<h5 style=\"text-align: left;\"><img decoding=\"async\" loading=\"lazy\" class=\"alignnone  wp-image-11619\" src=\"https:\/\/dges-sal.infd.edu.ar\/sitio\/wp-content\/uploads\/2023\/07\/Recurso-22.png\" alt=\"\" width=\"30\" height=\"14\"> <span style=\"color: #000000;\"><a style=\"color: #000000;\" href=\"https:\/\/dges-sal.infd.edu.ar\/sitio\/la-candelaria\/\">La Candelaria<\/a><\/span><\/h5>\n<h5 style=\"text-align: left;\"><img decoding=\"async\" loading=\"lazy\" class=\"alignnone  wp-image-11619\" src=\"https:\/\/dges-sal.infd.edu.ar\/sitio\/wp-content\/uploads\/2023\/07\/Recurso-22.png\" alt=\"\" width=\"30\" height=\"14\"> <span style=\"color: #000000;\"><a style=\"color: #000000;\" href=\"https:\/\/dges-sal.infd.edu.ar\/sitio\/guemes\/\">Gral. G\u00fcemes<\/a><\/span><\/h5>\n<h5 style=\"text-align: right;\">&nbsp;<\/h5>\n<\/div>\n<\/div>\n\n\n\n<div class=\"wp-block-columns alignfull is-layout-flex wp-container-12\">\n<div class=\"wp-block-column is-layout-flow\" style=\"flex-basis:50px\"><\/div>\n\n\n\n<div class=\"wp-block-column is-layout-flow\"><div class=\"wp-block-image\">\n<figure class=\"aligncenter size-full is-resized\"><img decoding=\"async\" src=\"https:\/\/dges-sal.infd.edu.ar\/sitio\/wp-content\/uploads\/2023\/07\/Recurso-23.png\" alt=\"\" class=\"wp-image-11620\" width=\"350\"\/><\/figure><\/div><\/div>\n\n\n\n<div class=\"wp-block-column is-layout-flow\" style=\"flex-basis:200px\">\n<h5><img decoding=\"async\" loading=\"lazy\" class=\"alignnone  wp-image-11621\" src=\"https:\/\/dges-sal.infd.edu.ar\/sitio\/wp-content\/uploads\/2023\/07\/Recurso-24.png\" alt=\"\" width=\"28\" height=\"13\"> <span style=\"color: #000000;\"><a style=\"color: #000000;\" href=\"https:\/\/dges-sal.infd.edu.ar\/sitio\/rivadavia\/\">Rivadavia<\/a><\/span><\/h5>\n<h5><img decoding=\"async\" loading=\"lazy\" class=\"alignnone  wp-image-11621\" src=\"https:\/\/dges-sal.infd.edu.ar\/sitio\/wp-content\/uploads\/2023\/07\/Recurso-24.png\" alt=\"\" width=\"28\" height=\"13\"> <span style=\"color: #000000;\"><a style=\"color: #000000;\" href=\"https:\/\/dges-sal.infd.edu.ar\/sitio\/san-martin\/\">San Mart\u00edn<\/a><\/span><\/h5>\n<h5><img decoding=\"async\" loading=\"lazy\" class=\"alignnone  wp-image-11621\" src=\"https:\/\/dges-sal.infd.edu.ar\/sitio\/wp-content\/uploads\/2023\/07\/Recurso-24.png\" alt=\"\" width=\"28\" height=\"13\"> <span style=\"color: #000000;\"><a style=\"color: #000000;\" href=\"https:\/\/dges-sal.infd.edu.ar\/sitio\/oran\/\">Or\u00e1n<\/a><\/span><\/h5>\n<\/div>\n\n\n\n<div class=\"wp-block-column is-layout-flow\"><div class=\"wp-block-image\">\n<figure class=\"aligncenter size-full is-resized\"><img decoding=\"async\" src=\"https:\/\/dges-sal.infd.edu.ar\/sitio\/wp-content\/uploads\/2023\/07\/Recurso-19.png\" alt=\"\" class=\"wp-image-11609\" width=\"350\"\/><\/figure><\/div><\/div>\n\n\n\n<div class=\"wp-block-column is-layout-flow\">\n<h5><img decoding=\"async\" loading=\"lazy\" class=\"alignnone  wp-image-11611\" src=\"https:\/\/dges-sal.infd.edu.ar\/sitio\/wp-content\/uploads\/2023\/07\/Recurso-21.png\" alt=\"\" width=\"28\" height=\"13\"> <span style=\"color: #333333;\"><a style=\"color: #333333;\" href=\"https:\/\/dges-sal.infd.edu.ar\/sitio\/la-poma-los-andes\/\">La Poma \/ Los Andes<\/a><\/span><\/h5>\n<h5><img decoding=\"async\" loading=\"lazy\" class=\"alignnone  wp-image-11611\" src=\"https:\/\/dges-sal.infd.edu.ar\/sitio\/wp-content\/uploads\/2023\/07\/Recurso-21.png\" alt=\"\" width=\"28\" height=\"13\"> <span style=\"color: #333333;\"><a style=\"color: #333333;\" href=\"https:\/\/dges-sal.infd.edu.ar\/sitio\/cafayate-san-carlos\/\">Cafayate \/ San Carlos<\/a><\/span><\/h5>\n<h5><img decoding=\"async\" loading=\"lazy\" class=\"alignnone  wp-image-11611\" src=\"https:\/\/dges-sal.infd.edu.ar\/sitio\/wp-content\/uploads\/2023\/07\/Recurso-21.png\" alt=\"\" width=\"28\" height=\"13\"> <span style=\"color: #333333;\"><a style=\"color: #333333;\" href=\"https:\/\/dges-sal.infd.edu.ar\/sitio\/la-vina-guachipas\/\">La Vi\u00f1a \/ Guachipas<\/a><\/span><\/h5>\n<h5><img decoding=\"async\" loading=\"lazy\" class=\"alignnone  wp-image-11611\" src=\"https:\/\/dges-sal.infd.edu.ar\/sitio\/wp-content\/uploads\/2023\/07\/Recurso-21.png\" alt=\"\" width=\"28\" height=\"13\"> <span style=\"color: #333333;\"><a style=\"color: #333333;\" href=\"https:\/\/dges-sal.infd.edu.ar\/sitio\/santa-victoria-iruya\/\">Santa Victoria \/ Iruya<\/a><\/span><\/h5>\n<h5><img decoding=\"async\" loading=\"lazy\" class=\"alignnone  wp-image-11611\" src=\"https:\/\/dges-sal.infd.edu.ar\/sitio\/wp-content\/uploads\/2023\/07\/Recurso-21.png\" alt=\"\" width=\"28\" height=\"13\"> <span style=\"color: #333333;\"><a style=\"color: #333333;\" href=\"https:\/\/dges-sal.infd.edu.ar\/sitio\/cachi-8\/\">Cachi<\/a><\/span><\/h5>\n<h5><img decoding=\"async\" loading=\"lazy\" class=\"alignnone  wp-image-11611\" src=\"https:\/\/dges-sal.infd.edu.ar\/sitio\/wp-content\/uploads\/2023\/07\/Recurso-21.png\" alt=\"\" width=\"28\" height=\"13\"><span style=\"color: #333333;\"><a style=\"color: #333333;\" href=\"https:\/\/dges-sal.infd.edu.ar\/sitio\/molinos\/\"> Molinos<\/a><\/span><\/h5>\n<h5><img decoding=\"async\" loading=\"lazy\" class=\"alignnone  wp-image-11611\" src=\"https:\/\/dges-sal.infd.edu.ar\/sitio\/wp-content\/uploads\/2023\/07\/Recurso-21.png\" alt=\"\" width=\"28\" height=\"13\"> <span style=\"color: #333333;\"><a style=\"color: #333333;\" href=\"https:\/\/dges-sal.infd.edu.ar\/sitio\/chicoana\/\">Chicoana<\/a><\/span><\/h5>\n<h5>&nbsp;<\/h5>\n<p><\/p>\n<\/div>\n<\/div>\n","protected":false},"excerpt":{"rendered":"<p>Capital R. de Lerma Cerrillos La Caldera R. de la Frontera Met\u00e1n Anta La Candelaria Gral. G\u00fcemes &nbsp; Rivadavia San Mart\u00edn Or\u00e1n La Poma \/ Los Andes Cafayate \/ San Carlos La Vi\u00f1a \/ Guachipas Santa Victoria \/ Iruya Cachi Molinos Chicoana &nbsp;<\/p>\n","protected":false},"author":9605,"featured_media":0,"parent":0,"menu_order":0,"comment_status":"closed","ping_status":"closed","template":"","meta":[],"acf":[],"_links":{"self":[{"href":"https:\/\/dges-sal.infd.edu.ar\/sitio\/wp-json\/wp\/v2\/pages\/11577"}],"collection":[{"href":"https:\/\/dges-sal.infd.edu.ar\/sitio\/wp-json\/wp\/v2\/pages"}],"about":[{"href":"https:\/\/dges-sal.infd.edu.ar\/sitio\/wp-json\/wp\/v2\/types\/page"}],"author":[{"embeddable":true,"href":"https:\/\/dges-sal.infd.edu.ar\/sitio\/wp-json\/wp\/v2\/users\/9605"}],"replies":[{"embeddable":true,"href":"https:\/\/dges-sal.infd.edu.ar\/sitio\/wp-json\/wp\/v2\/comments?post=11577"}],"version-history":[{"count":53,"href":"https:\/\/dges-sal.infd.edu.ar\/sitio\/wp-json\/wp\/v2\/pages\/11577\/revisions"}],"predecessor-version":[{"id":17117,"href":"https:\/\/dges-sal.infd.edu.ar\/sitio\/wp-json\/wp\/v2\/pages\/11577\/revisions\/17117"}],"wp:attachment":[{"href":"https:\/\/dges-sal.infd.edu.ar\/sitio\/wp-json\/wp\/v2\/media?parent=11577"}],"curies":[{"name":"wp","href":"https:\/\/api.w.org\/{rel}","templated":true}]}}